{"id":12,"date":"2016-02-15T17:42:26","date_gmt":"2016-02-15T16:42:26","guid":{"rendered":"http:\/\/sedirelyon.fr\/lesdiaconessesdurocher\/?page_id=12"},"modified":"2016-05-16T21:55:00","modified_gmt":"2016-05-16T20:55:00","slug":"qui-sommes-nous","status":"publish","type":"page","link":"https:\/\/sedirelyon.fr\/lesdiaconessesdurocher\/qui-sommes-nous\/","title":{"rendered":"Qui sommes-nous"},"content":{"rendered":"<p>Notre groupe est constitu\u00e9 pour le moment d&rsquo;une petite dizaine de femmes, toutes engag\u00e9es dans l&rsquo;Eglise, d&rsquo;\u00e9tats de vie diff\u00e9rents, qui souhaitent se retrouver r\u00e9guli\u00e8rement pour partager sur la vie et le devenir de l&rsquo;Eglise dans le monde.<\/p>\n<p>Notre initiative est n\u00e9e \u00e0 la suite du synode de la famille d&rsquo;octobre 2016, et s&rsquo;est ancr\u00e9e dans <a href=\"https:\/\/sedirelyon.fr\/lesdiaconessesdurocher\/ecrits-sur-les-femmes\/allocution-de-mgr-durocher\/\" target=\"_blank\">l&rsquo;allocution <\/a>de Mgr Paul-Andr\u00e9 Durocher devant les p\u00e8res synodaux o\u00f9 il a clairement pos\u00e9 la question du r\u00e9tablissement d&rsquo;un diaconat f\u00e9minin.<\/p>\n<p>Nous avons pris ce nom, \u00ab\u00a0diaconesses\u00a0\u00bb, un peu mal sonnant je le reconnais, pour d&rsquo;une part faire r\u00e9f\u00e9rence aux premiers temps de l&rsquo;Eglise, o\u00f9, toute proportion gard\u00e9e, vis \u00e0 vis de la soci\u00e9t\u00e9 de l&rsquo;\u00e9poque, les femmes avaient un r\u00f4le important dans les communaut\u00e9s cr\u00e9es par Paul, et d&rsquo;autre part, pour r\u00e9server le nom de \u00a0\u00bb femme diacre\u00a0\u00bb \u00e0 la demande explicite de l&rsquo;ordre du diaconat pour les femmes, \u00e0 la quelle nous souscrivons toutes bien entendu, mais qui n&rsquo;est pas la demande personnelle de toutes les personnes du groupe&#8230;.<\/p>\n<p>Quelques diaconesses&#8230;<\/p>\n<p><img data-recalc-dims=\"1\" loading=\"lazy\" decoding=\"async\" data-attachment-id=\"115\" data-permalink=\"https:\/\/sedirelyon.fr\/lesdiaconessesdurocher\/qui-sommes-nous\/diaconesses-mozaicverte\/\" data-orig-file=\"https:\/\/i0.wp.com\/sedirelyon.fr\/lesdiaconessesdurocher\/wp-content\/uploads\/sites\/2\/2016\/02\/diaconesses-mozaicverte.jpg?fit=2079%2C813&amp;ssl=1\" data-orig-size=\"2079,813\" data-comments-opened=\"1\" data-image-meta=\"{&quot;aperture&quot;:&quot;0&quot;,&quot;credit&quot;:&quot;&quot;,&quot;camera&quot;:&quot;&quot;,&quot;caption&quot;:&quot;&quot;,&quot;created_timestamp&quot;:&quot;0&quot;,&quot;copyright&quot;:&quot;&quot;,&quot;focal_length&quot;:&quot;0&quot;,&quot;iso&quot;:&quot;0&quot;,&quot;shutter_speed&quot;:&quot;0&quot;,&quot;title&quot;:&quot;&quot;,&quot;orientation&quot;:&quot;0&quot;}\" data-image-title=\"diaconesses mozaicverte\" data-image-description=\"\" data-image-caption=\"\" data-medium-file=\"https:\/\/i0.wp.com\/sedirelyon.fr\/lesdiaconessesdurocher\/wp-content\/uploads\/sites\/2\/2016\/02\/diaconesses-mozaicverte.jpg?fit=300%2C117&amp;ssl=1\" data-large-file=\"https:\/\/i0.wp.com\/sedirelyon.fr\/lesdiaconessesdurocher\/wp-content\/uploads\/sites\/2\/2016\/02\/diaconesses-mozaicverte.jpg?fit=840%2C328&amp;ssl=1\" class=\"aligncenter wp-image-115 size-full\" src=\"https:\/\/i0.wp.com\/sedirelyon.fr\/lesdiaconessesdurocher\/wp-content\/uploads\/sites\/2\/2016\/02\/diaconesses-mozaicverte.jpg?resize=840%2C328&#038;ssl=1\" alt=\"diaconesses mozaicverte\" width=\"840\" height=\"328\" srcset=\"https:\/\/i0.wp.com\/sedirelyon.fr\/lesdiaconessesdurocher\/wp-content\/uploads\/sites\/2\/2016\/02\/diaconesses-mozaicverte.jpg?w=2079&amp;ssl=1 2079w, https:\/\/i0.wp.com\/sedirelyon.fr\/lesdiaconessesdurocher\/wp-content\/uploads\/sites\/2\/2016\/02\/diaconesses-mozaicverte.jpg?resize=300%2C117&amp;ssl=1 300w, https:\/\/i0.wp.com\/sedirelyon.fr\/lesdiaconessesdurocher\/wp-content\/uploads\/sites\/2\/2016\/02\/diaconesses-mozaicverte.jpg?resize=768%2C300&amp;ssl=1 768w, https:\/\/i0.wp.com\/sedirelyon.fr\/lesdiaconessesdurocher\/wp-content\/uploads\/sites\/2\/2016\/02\/diaconesses-mozaicverte.jpg?resize=1024%2C400&amp;ssl=1 1024w, https:\/\/i0.wp.com\/sedirelyon.fr\/lesdiaconessesdurocher\/wp-content\/uploads\/sites\/2\/2016\/02\/diaconesses-mozaicverte.jpg?resize=1200%2C469&amp;ssl=1 1200w, https:\/\/i0.wp.com\/sedirelyon.fr\/lesdiaconessesdurocher\/wp-content\/uploads\/sites\/2\/2016\/02\/diaconesses-mozaicverte.jpg?w=1680&amp;ssl=1 1680w\" sizes=\"auto, (max-width: 709px) 85vw, (max-width: 909px) 67vw, (max-width: 1362px) 62vw, 840px\" \/><\/p>\n","protected":false},"excerpt":{"rendered":"<p>Notre groupe est constitu\u00e9 pour le moment d&rsquo;une petite dizaine de femmes, toutes engag\u00e9es dans l&rsquo;Eglise, d&rsquo;\u00e9tats de vie diff\u00e9rents, qui souhaitent se retrouver r\u00e9guli\u00e8rement pour partager sur la vie et le devenir de l&rsquo;Eglise dans le monde. Notre initiative est n\u00e9e \u00e0 la suite du synode de la famille d&rsquo;octobre 2016, et s&rsquo;est ancr\u00e9e &hellip; <a href=\"https:\/\/sedirelyon.fr\/lesdiaconessesdurocher\/qui-sommes-nous\/\" class=\"more-link\">Continuer la lecture<span class=\"screen-reader-text\"> de &laquo;&nbsp;Qui sommes-nous&nbsp;&raquo;<\/span><\/a><\/p>\n","protected":false},"author":1,"featured_media":0,"parent":0,"menu_order":0,"comment_status":"closed","ping_status":"closed","template":"","meta":{"jetpack_post_was_ever_published":false,"footnotes":""},"class_list":["post-12","page","type-page","status-publish","hentry"],"yoast_head":"<!-- This site is optimized with the Yoast SEO plugin v27.4 - https:\/\/yoast.com\/product\/yoast-seo-wordpress\/ -->\n<title>Qui sommes-nous - Les Diaconesses du Rocher<\/title>\n<meta name=\"robots\" content=\"index, follow, max-snippet:-1, max-image-preview:large, max-video-preview:-1\" \/>\n<link rel=\"canonical\" href=\"http:\/\/sedirelyon.fr\/lesdiaconessesdurocher\/qui-sommes-nous\/\" \/>\n<meta property=\"og:locale\" content=\"fr_FR\" \/>\n<meta property=\"og:type\" content=\"article\" \/>\n<meta property=\"og:title\" content=\"Qui sommes-nous - Les Diaconesses du Rocher\" \/>\n<meta property=\"og:description\" content=\"Notre groupe est constitu\u00e9 pour le moment d&rsquo;une petite dizaine de femmes, toutes engag\u00e9es dans l&rsquo;Eglise, d&rsquo;\u00e9tats de vie diff\u00e9rents, qui souhaitent se retrouver r\u00e9guli\u00e8rement pour partager sur la vie et le devenir de l&rsquo;Eglise dans le monde. Notre initiative est n\u00e9e \u00e0 la suite du synode de la famille d&rsquo;octobre 2016, et s&rsquo;est ancr\u00e9e &hellip; Continuer la lecture de &laquo;&nbsp;Qui sommes-nous&nbsp;&raquo;\" \/>\n<meta property=\"og:url\" content=\"http:\/\/sedirelyon.fr\/lesdiaconessesdurocher\/qui-sommes-nous\/\" \/>\n<meta property=\"og:site_name\" content=\"Les Diaconesses du Rocher\" \/>\n<meta property=\"article:modified_time\" content=\"2016-05-16T20:55:00+00:00\" \/>\n<meta property=\"og:image\" content=\"http:\/\/sedirelyon.fr\/lesdiaconessesdurocher\/wp-content\/uploads\/sites\/2\/2016\/02\/diaconesses-mozaicverte.jpg\" \/>\n<meta name=\"twitter:card\" content=\"summary_large_image\" \/>\n<meta name=\"twitter:label1\" content=\"Dur\u00e9e de lecture estim\u00e9e\" \/>\n\t<meta name=\"twitter:data1\" content=\"1 minute\" \/>\n<script type=\"application\/ld+json\" class=\"yoast-schema-graph\">{\"@context\":\"https:\\\/\\\/schema.org\",\"@graph\":[{\"@type\":\"WebPage\",\"@id\":\"http:\\\/\\\/sedirelyon.fr\\\/lesdiaconessesdurocher\\\/qui-sommes-nous\\\/\",\"url\":\"http:\\\/\\\/sedirelyon.fr\\\/lesdiaconessesdurocher\\\/qui-sommes-nous\\\/\",\"name\":\"Qui sommes-nous - Les Diaconesses du Rocher\",\"isPartOf\":{\"@id\":\"https:\\\/\\\/sedirelyon.fr\\\/lesdiaconessesdurocher\\\/#website\"},\"primaryImageOfPage\":{\"@id\":\"http:\\\/\\\/sedirelyon.fr\\\/lesdiaconessesdurocher\\\/qui-sommes-nous\\\/#primaryimage\"},\"image\":{\"@id\":\"http:\\\/\\\/sedirelyon.fr\\\/lesdiaconessesdurocher\\\/qui-sommes-nous\\\/#primaryimage\"},\"thumbnailUrl\":\"https:\\\/\\\/sedirelyon.fr\\\/lesdiaconessesdurocher\\\/wp-content\\\/uploads\\\/sites\\\/2\\\/2016\\\/02\\\/diaconesses-mozaicverte.jpg\",\"datePublished\":\"2016-02-15T16:42:26+00:00\",\"dateModified\":\"2016-05-16T20:55:00+00:00\",\"breadcrumb\":{\"@id\":\"http:\\\/\\\/sedirelyon.fr\\\/lesdiaconessesdurocher\\\/qui-sommes-nous\\\/#breadcrumb\"},\"inLanguage\":\"fr-FR\",\"potentialAction\":[{\"@type\":\"ReadAction\",\"target\":[\"http:\\\/\\\/sedirelyon.fr\\\/lesdiaconessesdurocher\\\/qui-sommes-nous\\\/\"]}]},{\"@type\":\"ImageObject\",\"inLanguage\":\"fr-FR\",\"@id\":\"http:\\\/\\\/sedirelyon.fr\\\/lesdiaconessesdurocher\\\/qui-sommes-nous\\\/#primaryimage\",\"url\":\"https:\\\/\\\/i0.wp.com\\\/sedirelyon.fr\\\/lesdiaconessesdurocher\\\/wp-content\\\/uploads\\\/sites\\\/2\\\/2016\\\/02\\\/diaconesses-mozaicverte.jpg?fit=2079%2C813&ssl=1\",\"contentUrl\":\"https:\\\/\\\/i0.wp.com\\\/sedirelyon.fr\\\/lesdiaconessesdurocher\\\/wp-content\\\/uploads\\\/sites\\\/2\\\/2016\\\/02\\\/diaconesses-mozaicverte.jpg?fit=2079%2C813&ssl=1\",\"width\":2079,\"height\":813},{\"@type\":\"BreadcrumbList\",\"@id\":\"http:\\\/\\\/sedirelyon.fr\\\/lesdiaconessesdurocher\\\/qui-sommes-nous\\\/#breadcrumb\",\"itemListElement\":[{\"@type\":\"ListItem\",\"position\":1,\"name\":\"Accueil\",\"item\":\"https:\\\/\\\/sedirelyon.fr\\\/lesdiaconessesdurocher\\\/\"},{\"@type\":\"ListItem\",\"position\":2,\"name\":\"Qui sommes-nous\"}]},{\"@type\":\"WebSite\",\"@id\":\"https:\\\/\\\/sedirelyon.fr\\\/lesdiaconessesdurocher\\\/#website\",\"url\":\"https:\\\/\\\/sedirelyon.fr\\\/lesdiaconessesdurocher\\\/\",\"name\":\"Les Diaconesses du Rocher\",\"description\":\"des femmes dans l&#039;Eglise\",\"potentialAction\":[{\"@type\":\"SearchAction\",\"target\":{\"@type\":\"EntryPoint\",\"urlTemplate\":\"https:\\\/\\\/sedirelyon.fr\\\/lesdiaconessesdurocher\\\/?s={search_term_string}\"},\"query-input\":{\"@type\":\"PropertyValueSpecification\",\"valueRequired\":true,\"valueName\":\"search_term_string\"}}],\"inLanguage\":\"fr-FR\"}]}<\/script>\n<!-- \/ Yoast SEO plugin. -->","yoast_head_json":{"title":"Qui sommes-nous - Les Diaconesses du Rocher","robots":{"index":"index","follow":"follow","max-snippet":"max-snippet:-1","max-image-preview":"max-image-preview:large","max-video-preview":"max-video-preview:-1"},"canonical":"http:\/\/sedirelyon.fr\/lesdiaconessesdurocher\/qui-sommes-nous\/","og_locale":"fr_FR","og_type":"article","og_title":"Qui sommes-nous - Les Diaconesses du Rocher","og_description":"Notre groupe est constitu\u00e9 pour le moment d&rsquo;une petite dizaine de femmes, toutes engag\u00e9es dans l&rsquo;Eglise, d&rsquo;\u00e9tats de vie diff\u00e9rents, qui souhaitent se retrouver r\u00e9guli\u00e8rement pour partager sur la vie et le devenir de l&rsquo;Eglise dans le monde. Notre initiative est n\u00e9e \u00e0 la suite du synode de la famille d&rsquo;octobre 2016, et s&rsquo;est ancr\u00e9e &hellip; Continuer la lecture de &laquo;&nbsp;Qui sommes-nous&nbsp;&raquo;","og_url":"http:\/\/sedirelyon.fr\/lesdiaconessesdurocher\/qui-sommes-nous\/","og_site_name":"Les Diaconesses du Rocher","article_modified_time":"2016-05-16T20:55:00+00:00","og_image":[{"url":"http:\/\/sedirelyon.fr\/lesdiaconessesdurocher\/wp-content\/uploads\/sites\/2\/2016\/02\/diaconesses-mozaicverte.jpg","type":"","width":"","height":""}],"twitter_card":"summary_large_image","twitter_misc":{"Dur\u00e9e de lecture estim\u00e9e":"1 minute"},"schema":{"@context":"https:\/\/schema.org","@graph":[{"@type":"WebPage","@id":"http:\/\/sedirelyon.fr\/lesdiaconessesdurocher\/qui-sommes-nous\/","url":"http:\/\/sedirelyon.fr\/lesdiaconessesdurocher\/qui-sommes-nous\/","name":"Qui sommes-nous - Les Diaconesses du Rocher","isPartOf":{"@id":"https:\/\/sedirelyon.fr\/lesdiaconessesdurocher\/#website"},"primaryImageOfPage":{"@id":"http:\/\/sedirelyon.fr\/lesdiaconessesdurocher\/qui-sommes-nous\/#primaryimage"},"image":{"@id":"http:\/\/sedirelyon.fr\/lesdiaconessesdurocher\/qui-sommes-nous\/#primaryimage"},"thumbnailUrl":"https:\/\/sedirelyon.fr\/lesdiaconessesdurocher\/wp-content\/uploads\/sites\/2\/2016\/02\/diaconesses-mozaicverte.jpg","datePublished":"2016-02-15T16:42:26+00:00","dateModified":"2016-05-16T20:55:00+00:00","breadcrumb":{"@id":"http:\/\/sedirelyon.fr\/lesdiaconessesdurocher\/qui-sommes-nous\/#breadcrumb"},"inLanguage":"fr-FR","potentialAction":[{"@type":"ReadAction","target":["http:\/\/sedirelyon.fr\/lesdiaconessesdurocher\/qui-sommes-nous\/"]}]},{"@type":"ImageObject","inLanguage":"fr-FR","@id":"http:\/\/sedirelyon.fr\/lesdiaconessesdurocher\/qui-sommes-nous\/#primaryimage","url":"https:\/\/i0.wp.com\/sedirelyon.fr\/lesdiaconessesdurocher\/wp-content\/uploads\/sites\/2\/2016\/02\/diaconesses-mozaicverte.jpg?fit=2079%2C813&ssl=1","contentUrl":"https:\/\/i0.wp.com\/sedirelyon.fr\/lesdiaconessesdurocher\/wp-content\/uploads\/sites\/2\/2016\/02\/diaconesses-mozaicverte.jpg?fit=2079%2C813&ssl=1","width":2079,"height":813},{"@type":"BreadcrumbList","@id":"http:\/\/sedirelyon.fr\/lesdiaconessesdurocher\/qui-sommes-nous\/#breadcrumb","itemListElement":[{"@type":"ListItem","position":1,"name":"Accueil","item":"https:\/\/sedirelyon.fr\/lesdiaconessesdurocher\/"},{"@type":"ListItem","position":2,"name":"Qui sommes-nous"}]},{"@type":"WebSite","@id":"https:\/\/sedirelyon.fr\/lesdiaconessesdurocher\/#website","url":"https:\/\/sedirelyon.fr\/lesdiaconessesdurocher\/","name":"Les Diaconesses du Rocher","description":"des femmes dans l&#039;Eglise","potentialAction":[{"@type":"SearchAction","target":{"@type":"EntryPoint","urlTemplate":"https:\/\/sedirelyon.fr\/lesdiaconessesdurocher\/?s={search_term_string}"},"query-input":{"@type":"PropertyValueSpecification","valueRequired":true,"valueName":"search_term_string"}}],"inLanguage":"fr-FR"}]}},"jetpack_sharing_enabled":true,"jetpack_shortlink":"https:\/\/wp.me\/P7xNTI-c","jetpack-related-posts":[],"_links":{"self":[{"href":"https:\/\/sedirelyon.fr\/lesdiaconessesdurocher\/wp-json\/wp\/v2\/pages\/12","targetHints":{"allow":["GET"]}}],"collection":[{"href":"https:\/\/sedirelyon.fr\/lesdiaconessesdurocher\/wp-json\/wp\/v2\/pages"}],"about":[{"href":"https:\/\/sedirelyon.fr\/lesdiaconessesdurocher\/wp-json\/wp\/v2\/types\/page"}],"author":[{"embeddable":true,"href":"https:\/\/sedirelyon.fr\/lesdiaconessesdurocher\/wp-json\/wp\/v2\/users\/1"}],"replies":[{"embeddable":true,"href":"https:\/\/sedirelyon.fr\/lesdiaconessesdurocher\/wp-json\/wp\/v2\/comments?post=12"}],"version-history":[{"count":4,"href":"https:\/\/sedirelyon.fr\/lesdiaconessesdurocher\/wp-json\/wp\/v2\/pages\/12\/revisions"}],"predecessor-version":[{"id":178,"href":"https:\/\/sedirelyon.fr\/lesdiaconessesdurocher\/wp-json\/wp\/v2\/pages\/12\/revisions\/178"}],"wp:attachment":[{"href":"https:\/\/sedirelyon.fr\/lesdiaconessesdurocher\/wp-json\/wp\/v2\/media?parent=12"}],"curies":[{"name":"wp","href":"https:\/\/api.w.org\/{rel}","templated":true}]}}