{"id":170,"date":"2016-05-16T17:51:25","date_gmt":"2016-05-16T16:51:25","guid":{"rendered":"http:\/\/sedirelyon.fr\/lesdiaconessesdurocher\/?page_id=170"},"modified":"2016-05-16T17:51:25","modified_gmt":"2016-05-16T16:51:25","slug":"article-de-benedicte-draillard-14-mai","status":"publish","type":"page","link":"https:\/\/sedirelyon.fr\/lesdiaconessesdurocher\/diaconat-2016\/article-de-benedicte-draillard-14-mai\/","title":{"rendered":"article de B\u00e9n\u00e9dicte Draillard 14 mai"},"content":{"rendered":"<p><strong>Diaconat f\u00e9minin\u2009: \u00ab\u00a0Le plus important, <\/strong><\/p>\n<p><strong>B\u00e9n\u00e9dicte Draillard, juge auditeur au tribunal eccl\u00e9siastique de Lyon et directrice litt\u00e9raire aux \u00e9ditions Nouvelle Cit\u00e9.<\/strong><\/p>\n<p>\u00ab\u00a0Depuis la restauration du diaconat permanent par le Concile Vatican\u00a0II pour des hommes mari\u00e9s ou c\u00e9libataires, les fid\u00e8les qui voient des hommes diacres exercer leur minist\u00e8re dans leur communaut\u00e9 se demandent si des femmes ne pourraient pas devenir elles aussi diacres permanents. C\u2019est une question l\u00e9gitime et pertinente.<\/p>\n<p>Je me r\u00e9jouis profond\u00e9ment que le pape Fran\u00e7ois soit pr\u00eat \u00e0 lancer une \u00e9tude sur le diaconat f\u00e9minin. Il y a longtemps que j\u2019attendais cela, car de tr\u00e8s nombreuses femmes pourraient mettre tous leurs talents, au service de la communaut\u00e9 chr\u00e9tienne.<\/p>\n<p>&gt; A lire \u2009: <a href=\"http:\/\/www.la-croix.com\/Religion\/Pape\/Le-pape-autorise-la-reflexion-sur-les-femmes-diacres-2016-05-13-1200759898\">Le pape autorise la r\u00e9flexion sur les femmes diacres<\/a><\/p>\n<p>Le r\u00f4le du diacre est th\u00e9ologiquement caract\u00e9ris\u00e9 par la triple diaconie de la liturgie, de la parole et de la charit\u00e9. Sur le plan de la charit\u00e9, les femmes font d\u00e9j\u00e0 largement leur part. Sur le plan de la liturgie, aussi. Personnellement, c\u2019est donc la diaconie de la parole qui me para\u00eet la plus importante.<\/p>\n<p>On sait les talents des femmes pour la parole, du fait de leur r\u00e9alisme, de leur sens p\u00e9dagogique de leur finesse et de leur profondeur\u2026 Mais jusqu\u2019\u00e0 pr\u00e9sent, la pr\u00e9dication dominicale, au cours de l\u2019Eucharistie, est interdite aux femmes. Pourquoi n\u2019entendrait-on pas aussi les femmes dans les \u00e9glises\u2009?<\/p>\n<p><strong>Rien n\u2019emp\u00eache des femmes d\u2019acc\u00e9der au minist\u00e8re du diaconat<\/strong><\/p>\n<p>Par ailleurs, le diaconat permanent en g\u00e9n\u00e9ral est une force vive pour l\u2019\u00c9glise, et pas seulement du fait de la rar\u00e9faction des pr\u00eatres. J\u2019ai eu l\u2019occasion de pr\u00eacher une retraite de trois jours en f\u00e9vrier dernier devant les diacres et leur \u00e9pouse du dioc\u00e8se de Nice et je me suis rendu compte combien tous contribuaient \u00e0 humaniser concr\u00e8tement le visage de l\u2019\u00c9glise.<\/p>\n<p>Qu\u2019il y ait parmi les ministres de l\u2019\u00c9glise des personnes mari\u00e9es, c\u2019est tr\u00e8s important. Nul doute aussi que des femmes diacres permettraient \u00e0 des femmes de se confier avec plus de spontan\u00e9it\u00e9, en raison de leurs exp\u00e9riences communes. Ainsi la question du diaconat f\u00e9minin doit \u00eatre pens\u00e9e et prise en compte dans celle du diaconat permanent en g\u00e9n\u00e9ral.<\/p>\n<p>Certes, dans le pass\u00e9, plusieurs commissions ont travaill\u00e9 sur cette question, et cela n\u2019a pas d\u00e9bouch\u00e9 sur grand chose. Mais cette fois-ci, la personnalit\u00e9 du pape Fran\u00e7ois me donne bon espoir de voir les choses bouger. D\u2019abord parce qu\u2019il est ignatien et que les j\u00e9suites ont souvent \u00e9t\u00e9 pr\u00e9curseurs. Ensuite parce que son cheval de bataille, c\u2019est la n\u00e9cessit\u00e9 d\u2019affirmer davantage la pr\u00e9sence des femmes dans l\u2019\u00c9glise.<\/p>\n<p>Pour autant, je reste dubitative quant \u00e0 la question de l\u2019ordination. Faut-il absolument qu\u2019une femme soit \u00ab\u00a0ordonn\u00e9e\u00a0\u00bb diacre\u2009? Ne devrait-on pas r\u00e9server l\u2019ordination aux hommes seuls, dans la mesure o\u00f9 l\u2019ordination configure au Christ\u2009et que le Christ n\u2019a choisi que des ap\u00f4tres masculins\u2009?<\/p>\n<p>Mais cela n\u2019emp\u00eache pas, qu\u2019elle soit ordonn\u00e9e ou pas, que la femme diacre puisse se voir confier les m\u00eames missions sacramentelles qu\u2019un diacre homme. \u00c0 savoir\u2009surtout le bapt\u00eame (c\u2019est d\u00e9j\u00e0 le cas puisque, en cas d\u2019extr\u00eame urgence, un fid\u00e8le baptis\u00e9 peut baptiser un enfant ou un adulte) et le mariage (le pr\u00eatre ou le diacre n\u2019\u00e9tant que t\u00e9moin du sacrement que se donnent les deux fianc\u00e9s, une femme peut parfaitement \u00eatre t\u00e9moin).<\/p>\n<p>Canoniquement, il n\u2019y a donc pas de probl\u00e8me\u2009: rien n\u2019emp\u00eache des femmes d\u2019acc\u00e9der au minist\u00e8re du diaconat. Et tout ce que fait un diacre homme, une femme peut le faire\u2026 si ce n\u2019est la pr\u00e9dication qui lui reste interdite. C\u2019est donc bien\u2009cela le plus important.\u00a0\u00bb<\/p>\n<p>Recueilli par Claire Lesegretain<\/p>\n<p>&nbsp;<\/p>\n","protected":false},"excerpt":{"rendered":"<p>Diaconat f\u00e9minin\u2009: \u00ab\u00a0Le plus important, B\u00e9n\u00e9dicte Draillard, juge auditeur au tribunal eccl\u00e9siastique de Lyon et directrice litt\u00e9raire aux \u00e9ditions Nouvelle Cit\u00e9. \u00ab\u00a0Depuis la restauration du diaconat permanent par le Concile Vatican\u00a0II pour des hommes mari\u00e9s ou c\u00e9libataires, les fid\u00e8les qui voient des hommes diacres exercer leur minist\u00e8re dans leur communaut\u00e9 se demandent si des femmes &hellip; <a href=\"https:\/\/sedirelyon.fr\/lesdiaconessesdurocher\/diaconat-2016\/article-de-benedicte-draillard-14-mai\/\" class=\"more-link\">Continuer la lecture<span class=\"screen-reader-text\"> de &laquo;&nbsp;article de B\u00e9n\u00e9dicte Draillard 14 mai&nbsp;&raquo;<\/span><\/a><\/p>\n","protected":false},"author":1,"featured_media":0,"parent":151,"menu_order":0,"comment_status":"closed","ping_status":"closed","template":"","meta":{"jetpack_post_was_ever_published":false,"footnotes":""},"class_list":["post-170","page","type-page","status-publish","hentry"],"yoast_head":"<!-- This site is optimized with the Yoast SEO plugin v27.4 - https:\/\/yoast.com\/product\/yoast-seo-wordpress\/ -->\n<title>article de B\u00e9n\u00e9dicte Draillard 14 mai - Les Diaconesses du Rocher<\/title>\n<meta name=\"robots\" content=\"index, follow, max-snippet:-1, max-image-preview:large, max-video-preview:-1\" \/>\n<link rel=\"canonical\" href=\"https:\/\/sedirelyon.fr\/lesdiaconessesdurocher\/diaconat-2016\/article-de-benedicte-draillard-14-mai\/\" \/>\n<meta property=\"og:locale\" content=\"fr_FR\" \/>\n<meta property=\"og:type\" content=\"article\" \/>\n<meta property=\"og:title\" content=\"article de B\u00e9n\u00e9dicte Draillard 14 mai - Les Diaconesses du Rocher\" \/>\n<meta property=\"og:description\" content=\"Diaconat f\u00e9minin\u2009: \u00ab\u00a0Le plus important, B\u00e9n\u00e9dicte Draillard, juge auditeur au tribunal eccl\u00e9siastique de Lyon et directrice litt\u00e9raire aux \u00e9ditions Nouvelle Cit\u00e9. \u00ab\u00a0Depuis la restauration du diaconat permanent par le Concile Vatican\u00a0II pour des hommes mari\u00e9s ou c\u00e9libataires, les fid\u00e8les qui voient des hommes diacres exercer leur minist\u00e8re dans leur communaut\u00e9 se demandent si des femmes &hellip; Continuer la lecture de &laquo;&nbsp;article de B\u00e9n\u00e9dicte Draillard 14 mai&nbsp;&raquo;\" \/>\n<meta property=\"og:url\" content=\"https:\/\/sedirelyon.fr\/lesdiaconessesdurocher\/diaconat-2016\/article-de-benedicte-draillard-14-mai\/\" \/>\n<meta property=\"og:site_name\" content=\"Les Diaconesses du Rocher\" \/>\n<meta name=\"twitter:card\" content=\"summary_large_image\" \/>\n<meta name=\"twitter:label1\" content=\"Dur\u00e9e de lecture estim\u00e9e\" \/>\n\t<meta name=\"twitter:data1\" content=\"3 minutes\" \/>\n<script type=\"application\/ld+json\" class=\"yoast-schema-graph\">{\"@context\":\"https:\\\/\\\/schema.org\",\"@graph\":[{\"@type\":\"WebPage\",\"@id\":\"https:\\\/\\\/sedirelyon.fr\\\/lesdiaconessesdurocher\\\/diaconat-2016\\\/article-de-benedicte-draillard-14-mai\\\/\",\"url\":\"https:\\\/\\\/sedirelyon.fr\\\/lesdiaconessesdurocher\\\/diaconat-2016\\\/article-de-benedicte-draillard-14-mai\\\/\",\"name\":\"article de B\u00e9n\u00e9dicte Draillard 14 mai - Les Diaconesses du Rocher\",\"isPartOf\":{\"@id\":\"https:\\\/\\\/sedirelyon.fr\\\/lesdiaconessesdurocher\\\/#website\"},\"datePublished\":\"2016-05-16T16:51:25+00:00\",\"breadcrumb\":{\"@id\":\"https:\\\/\\\/sedirelyon.fr\\\/lesdiaconessesdurocher\\\/diaconat-2016\\\/article-de-benedicte-draillard-14-mai\\\/#breadcrumb\"},\"inLanguage\":\"fr-FR\",\"potentialAction\":[{\"@type\":\"ReadAction\",\"target\":[\"https:\\\/\\\/sedirelyon.fr\\\/lesdiaconessesdurocher\\\/diaconat-2016\\\/article-de-benedicte-draillard-14-mai\\\/\"]}]},{\"@type\":\"BreadcrumbList\",\"@id\":\"https:\\\/\\\/sedirelyon.fr\\\/lesdiaconessesdurocher\\\/diaconat-2016\\\/article-de-benedicte-draillard-14-mai\\\/#breadcrumb\",\"itemListElement\":[{\"@type\":\"ListItem\",\"position\":1,\"name\":\"Accueil\",\"item\":\"https:\\\/\\\/sedirelyon.fr\\\/lesdiaconessesdurocher\\\/\"},{\"@type\":\"ListItem\",\"position\":2,\"name\":\"Diaconat 2016\",\"item\":\"http:\\\/\\\/sedirelyon.fr\\\/lesdiaconessesdurocher\\\/diaconat-2016\\\/\"},{\"@type\":\"ListItem\",\"position\":3,\"name\":\"article de B\u00e9n\u00e9dicte Draillard 14 mai\"}]},{\"@type\":\"WebSite\",\"@id\":\"https:\\\/\\\/sedirelyon.fr\\\/lesdiaconessesdurocher\\\/#website\",\"url\":\"https:\\\/\\\/sedirelyon.fr\\\/lesdiaconessesdurocher\\\/\",\"name\":\"Les Diaconesses du Rocher\",\"description\":\"des femmes dans l&#039;Eglise\",\"potentialAction\":[{\"@type\":\"SearchAction\",\"target\":{\"@type\":\"EntryPoint\",\"urlTemplate\":\"https:\\\/\\\/sedirelyon.fr\\\/lesdiaconessesdurocher\\\/?s={search_term_string}\"},\"query-input\":{\"@type\":\"PropertyValueSpecification\",\"valueRequired\":true,\"valueName\":\"search_term_string\"}}],\"inLanguage\":\"fr-FR\"}]}<\/script>\n<!-- \/ Yoast SEO plugin. -->","yoast_head_json":{"title":"article de B\u00e9n\u00e9dicte Draillard 14 mai - Les Diaconesses du Rocher","robots":{"index":"index","follow":"follow","max-snippet":"max-snippet:-1","max-image-preview":"max-image-preview:large","max-video-preview":"max-video-preview:-1"},"canonical":"https:\/\/sedirelyon.fr\/lesdiaconessesdurocher\/diaconat-2016\/article-de-benedicte-draillard-14-mai\/","og_locale":"fr_FR","og_type":"article","og_title":"article de B\u00e9n\u00e9dicte Draillard 14 mai - Les Diaconesses du Rocher","og_description":"Diaconat f\u00e9minin\u2009: \u00ab\u00a0Le plus important, B\u00e9n\u00e9dicte Draillard, juge auditeur au tribunal eccl\u00e9siastique de Lyon et directrice litt\u00e9raire aux \u00e9ditions Nouvelle Cit\u00e9. \u00ab\u00a0Depuis la restauration du diaconat permanent par le Concile Vatican\u00a0II pour des hommes mari\u00e9s ou c\u00e9libataires, les fid\u00e8les qui voient des hommes diacres exercer leur minist\u00e8re dans leur communaut\u00e9 se demandent si des femmes &hellip; Continuer la lecture de &laquo;&nbsp;article de B\u00e9n\u00e9dicte Draillard 14 mai&nbsp;&raquo;","og_url":"https:\/\/sedirelyon.fr\/lesdiaconessesdurocher\/diaconat-2016\/article-de-benedicte-draillard-14-mai\/","og_site_name":"Les Diaconesses du Rocher","twitter_card":"summary_large_image","twitter_misc":{"Dur\u00e9e de lecture estim\u00e9e":"3 minutes"},"schema":{"@context":"https:\/\/schema.org","@graph":[{"@type":"WebPage","@id":"https:\/\/sedirelyon.fr\/lesdiaconessesdurocher\/diaconat-2016\/article-de-benedicte-draillard-14-mai\/","url":"https:\/\/sedirelyon.fr\/lesdiaconessesdurocher\/diaconat-2016\/article-de-benedicte-draillard-14-mai\/","name":"article de B\u00e9n\u00e9dicte Draillard 14 mai - Les Diaconesses du Rocher","isPartOf":{"@id":"https:\/\/sedirelyon.fr\/lesdiaconessesdurocher\/#website"},"datePublished":"2016-05-16T16:51:25+00:00","breadcrumb":{"@id":"https:\/\/sedirelyon.fr\/lesdiaconessesdurocher\/diaconat-2016\/article-de-benedicte-draillard-14-mai\/#breadcrumb"},"inLanguage":"fr-FR","potentialAction":[{"@type":"ReadAction","target":["https:\/\/sedirelyon.fr\/lesdiaconessesdurocher\/diaconat-2016\/article-de-benedicte-draillard-14-mai\/"]}]},{"@type":"BreadcrumbList","@id":"https:\/\/sedirelyon.fr\/lesdiaconessesdurocher\/diaconat-2016\/article-de-benedicte-draillard-14-mai\/#breadcrumb","itemListElement":[{"@type":"ListItem","position":1,"name":"Accueil","item":"https:\/\/sedirelyon.fr\/lesdiaconessesdurocher\/"},{"@type":"ListItem","position":2,"name":"Diaconat 2016","item":"http:\/\/sedirelyon.fr\/lesdiaconessesdurocher\/diaconat-2016\/"},{"@type":"ListItem","position":3,"name":"article de B\u00e9n\u00e9dicte Draillard 14 mai"}]},{"@type":"WebSite","@id":"https:\/\/sedirelyon.fr\/lesdiaconessesdurocher\/#website","url":"https:\/\/sedirelyon.fr\/lesdiaconessesdurocher\/","name":"Les Diaconesses du Rocher","description":"des femmes dans l&#039;Eglise","potentialAction":[{"@type":"SearchAction","target":{"@type":"EntryPoint","urlTemplate":"https:\/\/sedirelyon.fr\/lesdiaconessesdurocher\/?s={search_term_string}"},"query-input":{"@type":"PropertyValueSpecification","valueRequired":true,"valueName":"search_term_string"}}],"inLanguage":"fr-FR"}]}},"jetpack_sharing_enabled":true,"jetpack_shortlink":"https:\/\/wp.me\/P7xNTI-2K","jetpack-related-posts":[],"_links":{"self":[{"href":"https:\/\/sedirelyon.fr\/lesdiaconessesdurocher\/wp-json\/wp\/v2\/pages\/170","targetHints":{"allow":["GET"]}}],"collection":[{"href":"https:\/\/sedirelyon.fr\/lesdiaconessesdurocher\/wp-json\/wp\/v2\/pages"}],"about":[{"href":"https:\/\/sedirelyon.fr\/lesdiaconessesdurocher\/wp-json\/wp\/v2\/types\/page"}],"author":[{"embeddable":true,"href":"https:\/\/sedirelyon.fr\/lesdiaconessesdurocher\/wp-json\/wp\/v2\/users\/1"}],"replies":[{"embeddable":true,"href":"https:\/\/sedirelyon.fr\/lesdiaconessesdurocher\/wp-json\/wp\/v2\/comments?post=170"}],"version-history":[{"count":1,"href":"https:\/\/sedirelyon.fr\/lesdiaconessesdurocher\/wp-json\/wp\/v2\/pages\/170\/revisions"}],"predecessor-version":[{"id":171,"href":"https:\/\/sedirelyon.fr\/lesdiaconessesdurocher\/wp-json\/wp\/v2\/pages\/170\/revisions\/171"}],"up":[{"embeddable":true,"href":"https:\/\/sedirelyon.fr\/lesdiaconessesdurocher\/wp-json\/wp\/v2\/pages\/151"}],"wp:attachment":[{"href":"https:\/\/sedirelyon.fr\/lesdiaconessesdurocher\/wp-json\/wp\/v2\/media?parent=170"}],"curies":[{"name":"wp","href":"https:\/\/api.w.org\/{rel}","templated":true}]}}