{"id":2,"date":"2016-02-15T11:12:33","date_gmt":"2016-02-15T10:12:33","guid":{"rendered":"http:\/\/sedirelyon.fr\/lesdiaconessesdurocher\/?page_id=2"},"modified":"2026-01-03T00:40:17","modified_gmt":"2026-01-02T23:40:17","slug":"page-d-exemple","status":"publish","type":"page","link":"https:\/\/sedirelyon.fr\/lesdiaconessesdurocher\/","title":{"rendered":"Bienvenue"},"content":{"rendered":"<p><span style=\"font-family: comic sans ms, sans-serif;\">Nous sommes heureuses de vous accueillir sur ce site qui fait circuler la parole des femmes dans le monde et dans l&rsquo;Eglise.<\/span><\/p>\n<p><span style=\"font-family: comic sans ms, sans-serif; font-size: 14pt;\">Nous nous faisons l&rsquo;\u00e9cho d&rsquo;autres initiatives, en France et dans le monde, comme par exemple le c\u00e9l\u00e8bre \u00ab\u00a0Osservatore romano\u00a0\u00bb qui alloue mensuellement un espace d&rsquo;informations, dirig\u00e9 par la journaliste Luccetta Serna, et dont le titre en fran\u00e7ais est <a href=\"http:\/\/www.osservatoreromano.va\/fr\/section\/femmes-eglise-monde\" target=\"_blank\">\u00ab\u00a0femme, Eglise et Monde \u00ab\u00a0<\/a><\/span><\/p>\n<p><span style=\"font-family: comic sans ms, sans-serif; font-size: 14pt;\">Des initiatives qui ne datent pas d&rsquo;aujourd&rsquo;hui comme ce site \u00ab\u00a0<a href=\"http:\/\/femmes-ministeres.org\/\" target=\"_blank\">femmes-ministeres\u00a0\u00bb<\/a><\/span><\/p>\n<p><img data-recalc-dims=\"1\" loading=\"lazy\" decoding=\"async\" data-attachment-id=\"30\" data-permalink=\"https:\/\/sedirelyon.fr\/lesdiaconessesdurocher\/ecrits-sur-les-femmes\/joseph-moingt\/emmaus\/\" data-orig-file=\"https:\/\/i0.wp.com\/sedirelyon.fr\/lesdiaconessesdurocher\/wp-content\/uploads\/sites\/2\/2016\/02\/Emmaus.jpg?fit=1307%2C1687&amp;ssl=1\" data-orig-size=\"1307,1687\" data-comments-opened=\"1\" data-image-meta=\"{&quot;aperture&quot;:&quot;0&quot;,&quot;credit&quot;:&quot;&quot;,&quot;camera&quot;:&quot;&quot;,&quot;caption&quot;:&quot;&quot;,&quot;created_timestamp&quot;:&quot;0&quot;,&quot;copyright&quot;:&quot;&quot;,&quot;focal_length&quot;:&quot;0&quot;,&quot;iso&quot;:&quot;0&quot;,&quot;shutter_speed&quot;:&quot;0&quot;,&quot;title&quot;:&quot;&quot;,&quot;orientation&quot;:&quot;0&quot;}\" data-image-title=\"Emmaus\" data-image-description=\"\" data-image-caption=\"\" data-medium-file=\"https:\/\/i0.wp.com\/sedirelyon.fr\/lesdiaconessesdurocher\/wp-content\/uploads\/sites\/2\/2016\/02\/Emmaus.jpg?fit=232%2C300&amp;ssl=1\" data-large-file=\"https:\/\/i0.wp.com\/sedirelyon.fr\/lesdiaconessesdurocher\/wp-content\/uploads\/sites\/2\/2016\/02\/Emmaus.jpg?fit=793%2C1024&amp;ssl=1\" class=\"size-medium wp-image-30 alignright\" src=\"https:\/\/i0.wp.com\/sedirelyon.fr\/lesdiaconessesdurocher\/wp-content\/uploads\/sites\/2\/2016\/02\/Emmaus.jpg?resize=232%2C300&#038;ssl=1\" alt=\"Emmaus\" width=\"232\" height=\"300\" srcset=\"https:\/\/i0.wp.com\/sedirelyon.fr\/lesdiaconessesdurocher\/wp-content\/uploads\/sites\/2\/2016\/02\/Emmaus.jpg?resize=232%2C300&amp;ssl=1 232w, https:\/\/i0.wp.com\/sedirelyon.fr\/lesdiaconessesdurocher\/wp-content\/uploads\/sites\/2\/2016\/02\/Emmaus.jpg?resize=768%2C991&amp;ssl=1 768w, https:\/\/i0.wp.com\/sedirelyon.fr\/lesdiaconessesdurocher\/wp-content\/uploads\/sites\/2\/2016\/02\/Emmaus.jpg?resize=793%2C1024&amp;ssl=1 793w, https:\/\/i0.wp.com\/sedirelyon.fr\/lesdiaconessesdurocher\/wp-content\/uploads\/sites\/2\/2016\/02\/Emmaus.jpg?resize=1200%2C1549&amp;ssl=1 1200w, https:\/\/i0.wp.com\/sedirelyon.fr\/lesdiaconessesdurocher\/wp-content\/uploads\/sites\/2\/2016\/02\/Emmaus.jpg?w=1307&amp;ssl=1 1307w\" sizes=\"auto, (max-width: 232px) 85vw, 232px\" \/><span style=\"font-family: comic sans ms, sans-serif;\">Tout a commenc\u00e9 sur la route d&rsquo;Emma\u00fcs, o\u00f9 J\u00e9sus vient rejoindre&#8230;.Un couple, un homme et une femme, Cl\u00e9ophas et Marie sa femme. Elle lui redit pour la centi\u00e8me fois que \u00a0\u00bb les femmes\u00a0\u00bb sont all\u00e9es au tombeau et ont vu que le corps avait disparu&#8230;.et J\u00e9sus vient s&rsquo;inviter au cours de leur \u00a0\u00bb dispute\u00a0\u00bb&#8230;..on connait la suite par coeur&#8230;<\/span><span style=\"text-decoration: underline;\"><br \/>\n<\/span><\/p>\n<p><span style=\"font-family: comic sans ms, sans-serif; font-size: 14pt;\">Et ils le reconnurent \u00e0 la fraction du pain&#8230;les femmes, dont la femme de Cl\u00e8ophas \u00e9tait donc bien pr\u00e9sentes \u00e0 la c\u00e8ne !<\/span><\/p>\n<p><span style=\"font-family: comic sans ms, sans-serif; font-size: 14pt;\">Et elles \u00e9taient aux pieds de la croix et les premi\u00e8res au tombeau&#8230;.<\/span><\/p>\n<p><span style=\"font-family: comic sans ms, sans-serif; font-size: 14pt;\">Depu<img data-recalc-dims=\"1\" loading=\"lazy\" decoding=\"async\" data-attachment-id=\"109\" data-permalink=\"https:\/\/sedirelyon.fr\/lesdiaconessesdurocher\/les-brebis\/brebis-kdo\/\" data-orig-file=\"https:\/\/i0.wp.com\/sedirelyon.fr\/lesdiaconessesdurocher\/wp-content\/uploads\/sites\/2\/2016\/02\/brebis-kdo.jpg?fit=2189%2C1642&amp;ssl=1\" data-orig-size=\"2189,1642\" data-comments-opened=\"1\" data-image-meta=\"{&quot;aperture&quot;:&quot;5&quot;,&quot;credit&quot;:&quot;&quot;,&quot;camera&quot;:&quot;Canon PowerShot SX10 IS&quot;,&quot;caption&quot;:&quot;&quot;,&quot;created_timestamp&quot;:&quot;1324699932&quot;,&quot;copyright&quot;:&quot;&quot;,&quot;focal_length&quot;:&quot;44.452&quot;,&quot;iso&quot;:&quot;80&quot;,&quot;shutter_speed&quot;:&quot;0.008&quot;,&quot;title&quot;:&quot;&quot;,&quot;orientation&quot;:&quot;1&quot;}\" data-image-title=\"brebis kdo\" data-image-description=\"\" data-image-caption=\"\" data-medium-file=\"https:\/\/i0.wp.com\/sedirelyon.fr\/lesdiaconessesdurocher\/wp-content\/uploads\/sites\/2\/2016\/02\/brebis-kdo.jpg?fit=300%2C225&amp;ssl=1\" data-large-file=\"https:\/\/i0.wp.com\/sedirelyon.fr\/lesdiaconessesdurocher\/wp-content\/uploads\/sites\/2\/2016\/02\/brebis-kdo.jpg?fit=840%2C630&amp;ssl=1\" class=\"size-thumbnail wp-image-109 alignleft\" src=\"https:\/\/i0.wp.com\/sedirelyon.fr\/lesdiaconessesdurocher\/wp-content\/uploads\/sites\/2\/2016\/02\/brebis-kdo.jpg?resize=150%2C150&#038;ssl=1\" alt=\"brebis kdo\" width=\"150\" height=\"150\" srcset=\"https:\/\/i0.wp.com\/sedirelyon.fr\/lesdiaconessesdurocher\/wp-content\/uploads\/sites\/2\/2016\/02\/brebis-kdo.jpg?resize=150%2C150&amp;ssl=1 150w, https:\/\/i0.wp.com\/sedirelyon.fr\/lesdiaconessesdurocher\/wp-content\/uploads\/sites\/2\/2016\/02\/brebis-kdo.jpg?zoom=2&amp;resize=150%2C150&amp;ssl=1 300w, https:\/\/i0.wp.com\/sedirelyon.fr\/lesdiaconessesdurocher\/wp-content\/uploads\/sites\/2\/2016\/02\/brebis-kdo.jpg?zoom=3&amp;resize=150%2C150&amp;ssl=1 450w\" sizes=\"auto, (max-width: 150px) 85vw, 150px\" \/>is le pape Fran\u00e7ois, les brebis sont \u00e0 l&rsquo;honneur, elles ont de \u00a0\u00bb sensu fidei\u00a0\u00bb et les pr\u00eatres sont invit\u00e9s \u00e0 devenir de plus en plus des bons pasteurs et \u00e0 aller dans le troupeau pour \u00a0\u00bb renifler l&rsquo;odeur de l&rsquo;humanit\u00e9\u00a0\u00bb<\/span><\/p>\n<p><span style=\"font-family: comic sans ms, sans-serif; font-size: 14pt;\">Le bon pasteur donne sa vie pour ses brebis..<a href=\"https:\/\/sedirelyon.fr\/lesdiaconessesdurocher\/les-brebis\/\" target=\"_blank\">..mais attention<\/a><\/span><\/p>\n<p><span style=\"font-family: comic sans ms, sans-serif; font-size: 14pt;\">Derni\u00e8re mise \u00e0 jour 22 juin 2018<\/span><\/p>\n<p><a href=\"https:\/\/sedirelyon.fr\/lesdiaconessesdurocher\/wp-admin\" target=\"_blank\">login pour les \u00e9crivains<\/a><\/p>\n<p>&nbsp;<\/p>\n<p>&nbsp;<\/p>\n<p>&nbsp;<\/p>\n\n\n<div class=\"wp-block-columns is-layout-flex wp-container-core-columns-is-layout-9d6595d7 wp-block-columns-is-layout-flex\">\n<div class=\"wp-block-column has-white-color has-text-color has-background has-link-color wp-elements-6dc2d6d404fe765680cc352af7e27db6 is-layout-flow wp-block-column-is-layout-flow\" style=\"background-color:#f58805\">\n<p class=\"has-medium-font-size\">une diaconesse<\/p>\n\n\n<div class=\"wp-block-image\">\n<figure class=\"aligncenter size-full is-resized\"><img data-recalc-dims=\"1\" loading=\"lazy\" decoding=\"async\" width=\"336\" height=\"582\" data-attachment-id=\"215\" data-permalink=\"https:\/\/sedirelyon.fr\/lesdiaconessesdurocher\/qui-sommes-nous\/contact\/diaconesse-chinoise-petite\/\" data-orig-file=\"https:\/\/i0.wp.com\/sedirelyon.fr\/lesdiaconessesdurocher\/wp-content\/uploads\/sites\/2\/2016\/07\/diaconesse-chinoise-petite.jpg?fit=336%2C582&amp;ssl=1\" data-orig-size=\"336,582\" data-comments-opened=\"1\" data-image-meta=\"{&quot;aperture&quot;:&quot;0&quot;,&quot;credit&quot;:&quot;&quot;,&quot;camera&quot;:&quot;&quot;,&quot;caption&quot;:&quot;&quot;,&quot;created_timestamp&quot;:&quot;0&quot;,&quot;copyright&quot;:&quot;&quot;,&quot;focal_length&quot;:&quot;0&quot;,&quot;iso&quot;:&quot;0&quot;,&quot;shutter_speed&quot;:&quot;0&quot;,&quot;title&quot;:&quot;&quot;,&quot;orientation&quot;:&quot;1&quot;}\" data-image-title=\"diaconesse chinoise petite\" data-image-description=\"\" data-image-caption=\"\" data-medium-file=\"https:\/\/i0.wp.com\/sedirelyon.fr\/lesdiaconessesdurocher\/wp-content\/uploads\/sites\/2\/2016\/07\/diaconesse-chinoise-petite.jpg?fit=173%2C300&amp;ssl=1\" data-large-file=\"https:\/\/i0.wp.com\/sedirelyon.fr\/lesdiaconessesdurocher\/wp-content\/uploads\/sites\/2\/2016\/07\/diaconesse-chinoise-petite.jpg?fit=336%2C582&amp;ssl=1\" src=\"https:\/\/i0.wp.com\/sedirelyon.fr\/lesdiaconessesdurocher\/wp-content\/uploads\/sites\/2\/2016\/07\/diaconesse-chinoise-petite.jpg?resize=336%2C582&#038;ssl=1\" alt=\"\" class=\"wp-image-215\" style=\"width:119px;height:auto\" srcset=\"https:\/\/i0.wp.com\/sedirelyon.fr\/lesdiaconessesdurocher\/wp-content\/uploads\/sites\/2\/2016\/07\/diaconesse-chinoise-petite.jpg?w=336&amp;ssl=1 336w, https:\/\/i0.wp.com\/sedirelyon.fr\/lesdiaconessesdurocher\/wp-content\/uploads\/sites\/2\/2016\/07\/diaconesse-chinoise-petite.jpg?resize=173%2C300&amp;ssl=1 173w\" sizes=\"auto, (max-width: 336px) 85vw, 336px\" \/><\/figure><\/div><\/div>\n\n\n\n<div class=\"wp-block-column has-white-color has-bright-blue-background-color has-text-color has-background has-link-color wp-elements-284200c3987dbfef04624c4d36dfd89f is-layout-flow wp-block-column-is-layout-flow\">\n<p class=\"has-background has-medium-font-size\" style=\"background-color:#44adee\">un diacre<\/p>\n\n\n\n<figure class=\"wp-block-image size-large\"><img data-recalc-dims=\"1\" loading=\"lazy\" decoding=\"async\" width=\"840\" height=\"257\" data-attachment-id=\"91\" data-permalink=\"https:\/\/sedirelyon.fr\/lesdiaconessesdurocher\/ecrits-de-femmes\/liens-et-sites\/mosaique-de-de-la-porte-imperiale-sainte-sophie-istanbul-turquie-2\/\" data-orig-file=\"https:\/\/i0.wp.com\/sedirelyon.fr\/lesdiaconessesdurocher\/wp-content\/uploads\/sites\/2\/2016\/02\/mozaic-kdo.jpg?fit=2048%2C625&amp;ssl=1\" data-orig-size=\"2048,625\" data-comments-opened=\"1\" data-image-meta=\"{&quot;aperture&quot;:&quot;5.6&quot;,&quot;credit&quot;:&quot;&quot;,&quot;camera&quot;:&quot;NIKON D90&quot;,&quot;caption&quot;:&quot;Mosa\\u00efque de de la Porte imp\\u00e9riale, Sainte-Sophie (Istanbul, Turquie)&quot;,&quot;created_timestamp&quot;:&quot;1352379515&quot;,&quot;copyright&quot;:&quot;&quot;,&quot;focal_length&quot;:&quot;48&quot;,&quot;iso&quot;:&quot;1000&quot;,&quot;shutter_speed&quot;:&quot;0.066666666666667&quot;,&quot;title&quot;:&quot;Mosa\\u00efque de de la Porte imp\\u00e9riale, Sainte-Sophie (Istanbul, Turquie)&quot;,&quot;orientation&quot;:&quot;1&quot;}\" data-image-title=\"Mosa\u00efque de de la Porte imp\u00e9riale, Sainte-Sophie (Istanbul, Turquie)\" data-image-description=\"\" data-image-caption=\"&lt;p&gt;Mosa\u00efque de de la Porte imp\u00e9riale, Sainte-Sophie (Istanbul, Turquie)&lt;\/p&gt;\n\" data-medium-file=\"https:\/\/i0.wp.com\/sedirelyon.fr\/lesdiaconessesdurocher\/wp-content\/uploads\/sites\/2\/2016\/02\/mozaic-kdo.jpg?fit=300%2C92&amp;ssl=1\" data-large-file=\"https:\/\/i0.wp.com\/sedirelyon.fr\/lesdiaconessesdurocher\/wp-content\/uploads\/sites\/2\/2016\/02\/mozaic-kdo.jpg?fit=840%2C257&amp;ssl=1\" src=\"https:\/\/i0.wp.com\/sedirelyon.fr\/lesdiaconessesdurocher\/wp-content\/uploads\/sites\/2\/2016\/02\/mozaic-kdo.jpg?resize=840%2C257&#038;ssl=1\" alt=\"\" class=\"wp-image-91\" srcset=\"https:\/\/i0.wp.com\/sedirelyon.fr\/lesdiaconessesdurocher\/wp-content\/uploads\/sites\/2\/2016\/02\/mozaic-kdo.jpg?resize=1024%2C313&amp;ssl=1 1024w, https:\/\/i0.wp.com\/sedirelyon.fr\/lesdiaconessesdurocher\/wp-content\/uploads\/sites\/2\/2016\/02\/mozaic-kdo.jpg?resize=300%2C92&amp;ssl=1 300w, https:\/\/i0.wp.com\/sedirelyon.fr\/lesdiaconessesdurocher\/wp-content\/uploads\/sites\/2\/2016\/02\/mozaic-kdo.jpg?resize=768%2C234&amp;ssl=1 768w, https:\/\/i0.wp.com\/sedirelyon.fr\/lesdiaconessesdurocher\/wp-content\/uploads\/sites\/2\/2016\/02\/mozaic-kdo.jpg?resize=1200%2C366&amp;ssl=1 1200w, https:\/\/i0.wp.com\/sedirelyon.fr\/lesdiaconessesdurocher\/wp-content\/uploads\/sites\/2\/2016\/02\/mozaic-kdo.jpg?w=2048&amp;ssl=1 2048w, https:\/\/i0.wp.com\/sedirelyon.fr\/lesdiaconessesdurocher\/wp-content\/uploads\/sites\/2\/2016\/02\/mozaic-kdo.jpg?w=1680&amp;ssl=1 1680w\" sizes=\"auto, (max-width: 709px) 85vw, (max-width: 909px) 67vw, (max-width: 1362px) 62vw, 840px\" \/><figcaption class=\"wp-element-caption\">Mosa\u00efque de de la Porte imp\u00e9riale, Sainte-Sophie (Istanbul, Turquie)<\/figcaption><\/figure>\n<\/div>\n\n\n\n<div class=\"wp-block-column has-background is-layout-flow wp-block-column-is-layout-flow\" style=\"background-color:#fd8202\">\n<p class=\"has-text-align-center has-background has-medium-font-size\" style=\"background-color:#f6b40f\">un laic<\/p>\n\n\n\n<figure class=\"wp-block-image size-full\"><img data-recalc-dims=\"1\" loading=\"lazy\" decoding=\"async\" width=\"446\" height=\"373\" data-attachment-id=\"417\" data-permalink=\"https:\/\/sedirelyon.fr\/lesdiaconessesdurocher\/2017\/12\/15\/apres-la-bataille\/sculpture-rodin-le-baiser\/\" data-orig-file=\"https:\/\/i0.wp.com\/sedirelyon.fr\/lesdiaconessesdurocher\/wp-content\/uploads\/sites\/2\/2017\/12\/sculpture-rodin-le-baiser.jpg?fit=446%2C373&amp;ssl=1\" data-orig-size=\"446,373\" data-comments-opened=\"1\" data-image-meta=\"{&quot;aperture&quot;:&quot;0&quot;,&quot;credit&quot;:&quot;Nathalie&quot;,&quot;camera&quot;:&quot;&quot;,&quot;caption&quot;:&quot;&quot;,&quot;created_timestamp&quot;:&quot;1513379635&quot;,&quot;copyright&quot;:&quot;&quot;,&quot;focal_length&quot;:&quot;0&quot;,&quot;iso&quot;:&quot;0&quot;,&quot;shutter_speed&quot;:&quot;0&quot;,&quot;title&quot;:&quot;&quot;,&quot;orientation&quot;:&quot;0&quot;}\" data-image-title=\"sculpture rodin le baiser\" data-image-description=\"\" data-image-caption=\"&lt;p&gt;l&amp;rsquo;harmonie est-elle utopique ?&lt;\/p&gt;\n\" data-medium-file=\"https:\/\/i0.wp.com\/sedirelyon.fr\/lesdiaconessesdurocher\/wp-content\/uploads\/sites\/2\/2017\/12\/sculpture-rodin-le-baiser.jpg?fit=300%2C251&amp;ssl=1\" data-large-file=\"https:\/\/i0.wp.com\/sedirelyon.fr\/lesdiaconessesdurocher\/wp-content\/uploads\/sites\/2\/2017\/12\/sculpture-rodin-le-baiser.jpg?fit=446%2C373&amp;ssl=1\" src=\"https:\/\/i0.wp.com\/sedirelyon.fr\/lesdiaconessesdurocher\/wp-content\/uploads\/sites\/2\/2017\/12\/sculpture-rodin-le-baiser.jpg?resize=446%2C373&#038;ssl=1\" alt=\"\" class=\"wp-image-417\" srcset=\"https:\/\/i0.wp.com\/sedirelyon.fr\/lesdiaconessesdurocher\/wp-content\/uploads\/sites\/2\/2017\/12\/sculpture-rodin-le-baiser.jpg?w=446&amp;ssl=1 446w, https:\/\/i0.wp.com\/sedirelyon.fr\/lesdiaconessesdurocher\/wp-content\/uploads\/sites\/2\/2017\/12\/sculpture-rodin-le-baiser.jpg?resize=300%2C251&amp;ssl=1 300w\" sizes=\"auto, (max-width: 446px) 85vw, 446px\" \/><figcaption class=\"wp-element-caption\">l&rsquo;harmonie est-elle utopique ?<\/figcaption><\/figure>\n<\/div>\n<\/div>\n","protected":false},"excerpt":{"rendered":"<p>Nous sommes heureuses de vous accueillir sur ce site qui fait circuler la parole des femmes dans le monde et dans l&rsquo;Eglise. Nous nous faisons l&rsquo;\u00e9cho d&rsquo;autres initiatives, en France et dans le monde, comme par exemple le c\u00e9l\u00e8bre \u00ab\u00a0Osservatore romano\u00a0\u00bb qui alloue mensuellement un espace d&rsquo;informations, dirig\u00e9 par la journaliste Luccetta Serna, et dont &hellip; <a href=\"https:\/\/sedirelyon.fr\/lesdiaconessesdurocher\/\" class=\"more-link\">Continuer la lecture<span class=\"screen-reader-text\"> de &laquo;&nbsp;Bienvenue&nbsp;&raquo;<\/span><\/a><\/p>\n","protected":false},"author":1,"featured_media":0,"parent":0,"menu_order":0,"comment_status":"closed","ping_status":"open","template":"","meta":{"jetpack_post_was_ever_published":false,"footnotes":""},"class_list":["post-2","page","type-page","status-publish","hentry"],"yoast_head":"<!-- This site is optimized with the Yoast SEO plugin v27.4 - https:\/\/yoast.com\/product\/yoast-seo-wordpress\/ -->\n<title>Bienvenue - Les Diaconesses du Rocher<\/title>\n<meta name=\"robots\" content=\"index, follow, max-snippet:-1, max-image-preview:large, max-video-preview:-1\" \/>\n<link rel=\"canonical\" href=\"https:\/\/sedirelyon.fr\/lesdiaconessesdurocher\/\" \/>\n<meta property=\"og:locale\" content=\"fr_FR\" \/>\n<meta property=\"og:type\" content=\"article\" \/>\n<meta property=\"og:title\" content=\"Bienvenue - Les Diaconesses du Rocher\" \/>\n<meta property=\"og:description\" content=\"Nous sommes heureuses de vous accueillir sur ce site qui fait circuler la parole des femmes dans le monde et dans l&rsquo;Eglise. Nous nous faisons l&rsquo;\u00e9cho d&rsquo;autres initiatives, en France et dans le monde, comme par exemple le c\u00e9l\u00e8bre \u00ab\u00a0Osservatore romano\u00a0\u00bb qui alloue mensuellement un espace d&rsquo;informations, dirig\u00e9 par la journaliste Luccetta Serna, et dont &hellip; Continuer la lecture de &laquo;&nbsp;Bienvenue&nbsp;&raquo;\" \/>\n<meta property=\"og:url\" content=\"https:\/\/sedirelyon.fr\/lesdiaconessesdurocher\/\" \/>\n<meta property=\"og:site_name\" content=\"Les Diaconesses du Rocher\" \/>\n<meta property=\"article:modified_time\" content=\"2026-01-02T23:40:17+00:00\" \/>\n<meta property=\"og:image\" content=\"https:\/\/sedirelyon.fr\/lesdiaconessesdurocher\/wp-content\/uploads\/sites\/2\/2016\/02\/Emmaus-232x300.jpg\" \/>\n<meta name=\"twitter:card\" content=\"summary_large_image\" \/>\n<meta name=\"twitter:label1\" content=\"Dur\u00e9e de lecture estim\u00e9e\" \/>\n\t<meta name=\"twitter:data1\" content=\"3 minutes\" \/>\n<script type=\"application\/ld+json\" class=\"yoast-schema-graph\">{\"@context\":\"https:\\\/\\\/schema.org\",\"@graph\":[{\"@type\":\"WebPage\",\"@id\":\"https:\\\/\\\/sedirelyon.fr\\\/lesdiaconessesdurocher\\\/\",\"url\":\"https:\\\/\\\/sedirelyon.fr\\\/lesdiaconessesdurocher\\\/\",\"name\":\"Bienvenue - Les Diaconesses du Rocher\",\"isPartOf\":{\"@id\":\"https:\\\/\\\/sedirelyon.fr\\\/lesdiaconessesdurocher\\\/#website\"},\"primaryImageOfPage\":{\"@id\":\"https:\\\/\\\/sedirelyon.fr\\\/lesdiaconessesdurocher\\\/#primaryimage\"},\"image\":{\"@id\":\"https:\\\/\\\/sedirelyon.fr\\\/lesdiaconessesdurocher\\\/#primaryimage\"},\"thumbnailUrl\":\"https:\\\/\\\/sedirelyon.fr\\\/lesdiaconessesdurocher\\\/wp-content\\\/uploads\\\/sites\\\/2\\\/2016\\\/02\\\/Emmaus-232x300.jpg\",\"datePublished\":\"2016-02-15T10:12:33+00:00\",\"dateModified\":\"2026-01-02T23:40:17+00:00\",\"breadcrumb\":{\"@id\":\"https:\\\/\\\/sedirelyon.fr\\\/lesdiaconessesdurocher\\\/#breadcrumb\"},\"inLanguage\":\"fr-FR\",\"potentialAction\":[{\"@type\":\"ReadAction\",\"target\":[\"https:\\\/\\\/sedirelyon.fr\\\/lesdiaconessesdurocher\\\/\"]}]},{\"@type\":\"ImageObject\",\"inLanguage\":\"fr-FR\",\"@id\":\"https:\\\/\\\/sedirelyon.fr\\\/lesdiaconessesdurocher\\\/#primaryimage\",\"url\":\"https:\\\/\\\/i0.wp.com\\\/sedirelyon.fr\\\/lesdiaconessesdurocher\\\/wp-content\\\/uploads\\\/sites\\\/2\\\/2016\\\/02\\\/Emmaus.jpg?fit=1307%2C1687&ssl=1\",\"contentUrl\":\"https:\\\/\\\/i0.wp.com\\\/sedirelyon.fr\\\/lesdiaconessesdurocher\\\/wp-content\\\/uploads\\\/sites\\\/2\\\/2016\\\/02\\\/Emmaus.jpg?fit=1307%2C1687&ssl=1\",\"width\":1307,\"height\":1687},{\"@type\":\"BreadcrumbList\",\"@id\":\"https:\\\/\\\/sedirelyon.fr\\\/lesdiaconessesdurocher\\\/#breadcrumb\",\"itemListElement\":[{\"@type\":\"ListItem\",\"position\":1,\"name\":\"Accueil\",\"item\":\"https:\\\/\\\/sedirelyon.fr\\\/lesdiaconessesdurocher\\\/\"},{\"@type\":\"ListItem\",\"position\":2,\"name\":\"Bienvenue\"}]},{\"@type\":\"WebSite\",\"@id\":\"https:\\\/\\\/sedirelyon.fr\\\/lesdiaconessesdurocher\\\/#website\",\"url\":\"https:\\\/\\\/sedirelyon.fr\\\/lesdiaconessesdurocher\\\/\",\"name\":\"Les Diaconesses du Rocher\",\"description\":\"des femmes dans l&#039;Eglise\",\"potentialAction\":[{\"@type\":\"SearchAction\",\"target\":{\"@type\":\"EntryPoint\",\"urlTemplate\":\"https:\\\/\\\/sedirelyon.fr\\\/lesdiaconessesdurocher\\\/?s={search_term_string}\"},\"query-input\":{\"@type\":\"PropertyValueSpecification\",\"valueRequired\":true,\"valueName\":\"search_term_string\"}}],\"inLanguage\":\"fr-FR\"}]}<\/script>\n<!-- \/ Yoast SEO plugin. -->","yoast_head_json":{"title":"Bienvenue - Les Diaconesses du Rocher","robots":{"index":"index","follow":"follow","max-snippet":"max-snippet:-1","max-image-preview":"max-image-preview:large","max-video-preview":"max-video-preview:-1"},"canonical":"https:\/\/sedirelyon.fr\/lesdiaconessesdurocher\/","og_locale":"fr_FR","og_type":"article","og_title":"Bienvenue - Les Diaconesses du Rocher","og_description":"Nous sommes heureuses de vous accueillir sur ce site qui fait circuler la parole des femmes dans le monde et dans l&rsquo;Eglise. Nous nous faisons l&rsquo;\u00e9cho d&rsquo;autres initiatives, en France et dans le monde, comme par exemple le c\u00e9l\u00e8bre \u00ab\u00a0Osservatore romano\u00a0\u00bb qui alloue mensuellement un espace d&rsquo;informations, dirig\u00e9 par la journaliste Luccetta Serna, et dont &hellip; Continuer la lecture de &laquo;&nbsp;Bienvenue&nbsp;&raquo;","og_url":"https:\/\/sedirelyon.fr\/lesdiaconessesdurocher\/","og_site_name":"Les Diaconesses du Rocher","article_modified_time":"2026-01-02T23:40:17+00:00","og_image":[{"url":"https:\/\/sedirelyon.fr\/lesdiaconessesdurocher\/wp-content\/uploads\/sites\/2\/2016\/02\/Emmaus-232x300.jpg","type":"","width":"","height":""}],"twitter_card":"summary_large_image","twitter_misc":{"Dur\u00e9e de lecture estim\u00e9e":"3 minutes"},"schema":{"@context":"https:\/\/schema.org","@graph":[{"@type":"WebPage","@id":"https:\/\/sedirelyon.fr\/lesdiaconessesdurocher\/","url":"https:\/\/sedirelyon.fr\/lesdiaconessesdurocher\/","name":"Bienvenue - Les Diaconesses du Rocher","isPartOf":{"@id":"https:\/\/sedirelyon.fr\/lesdiaconessesdurocher\/#website"},"primaryImageOfPage":{"@id":"https:\/\/sedirelyon.fr\/lesdiaconessesdurocher\/#primaryimage"},"image":{"@id":"https:\/\/sedirelyon.fr\/lesdiaconessesdurocher\/#primaryimage"},"thumbnailUrl":"https:\/\/sedirelyon.fr\/lesdiaconessesdurocher\/wp-content\/uploads\/sites\/2\/2016\/02\/Emmaus-232x300.jpg","datePublished":"2016-02-15T10:12:33+00:00","dateModified":"2026-01-02T23:40:17+00:00","breadcrumb":{"@id":"https:\/\/sedirelyon.fr\/lesdiaconessesdurocher\/#breadcrumb"},"inLanguage":"fr-FR","potentialAction":[{"@type":"ReadAction","target":["https:\/\/sedirelyon.fr\/lesdiaconessesdurocher\/"]}]},{"@type":"ImageObject","inLanguage":"fr-FR","@id":"https:\/\/sedirelyon.fr\/lesdiaconessesdurocher\/#primaryimage","url":"https:\/\/i0.wp.com\/sedirelyon.fr\/lesdiaconessesdurocher\/wp-content\/uploads\/sites\/2\/2016\/02\/Emmaus.jpg?fit=1307%2C1687&ssl=1","contentUrl":"https:\/\/i0.wp.com\/sedirelyon.fr\/lesdiaconessesdurocher\/wp-content\/uploads\/sites\/2\/2016\/02\/Emmaus.jpg?fit=1307%2C1687&ssl=1","width":1307,"height":1687},{"@type":"BreadcrumbList","@id":"https:\/\/sedirelyon.fr\/lesdiaconessesdurocher\/#breadcrumb","itemListElement":[{"@type":"ListItem","position":1,"name":"Accueil","item":"https:\/\/sedirelyon.fr\/lesdiaconessesdurocher\/"},{"@type":"ListItem","position":2,"name":"Bienvenue"}]},{"@type":"WebSite","@id":"https:\/\/sedirelyon.fr\/lesdiaconessesdurocher\/#website","url":"https:\/\/sedirelyon.fr\/lesdiaconessesdurocher\/","name":"Les Diaconesses du Rocher","description":"des femmes dans l&#039;Eglise","potentialAction":[{"@type":"SearchAction","target":{"@type":"EntryPoint","urlTemplate":"https:\/\/sedirelyon.fr\/lesdiaconessesdurocher\/?s={search_term_string}"},"query-input":{"@type":"PropertyValueSpecification","valueRequired":true,"valueName":"search_term_string"}}],"inLanguage":"fr-FR"}]}},"jetpack_sharing_enabled":true,"jetpack_shortlink":"https:\/\/wp.me\/P7xNTI-2","jetpack-related-posts":[],"_links":{"self":[{"href":"https:\/\/sedirelyon.fr\/lesdiaconessesdurocher\/wp-json\/wp\/v2\/pages\/2","targetHints":{"allow":["GET"]}}],"collection":[{"href":"https:\/\/sedirelyon.fr\/lesdiaconessesdurocher\/wp-json\/wp\/v2\/pages"}],"about":[{"href":"https:\/\/sedirelyon.fr\/lesdiaconessesdurocher\/wp-json\/wp\/v2\/types\/page"}],"author":[{"embeddable":true,"href":"https:\/\/sedirelyon.fr\/lesdiaconessesdurocher\/wp-json\/wp\/v2\/users\/1"}],"replies":[{"embeddable":true,"href":"https:\/\/sedirelyon.fr\/lesdiaconessesdurocher\/wp-json\/wp\/v2\/comments?post=2"}],"version-history":[{"count":11,"href":"https:\/\/sedirelyon.fr\/lesdiaconessesdurocher\/wp-json\/wp\/v2\/pages\/2\/revisions"}],"predecessor-version":[{"id":454,"href":"https:\/\/sedirelyon.fr\/lesdiaconessesdurocher\/wp-json\/wp\/v2\/pages\/2\/revisions\/454"}],"wp:attachment":[{"href":"https:\/\/sedirelyon.fr\/lesdiaconessesdurocher\/wp-json\/wp\/v2\/media?parent=2"}],"curies":[{"name":"wp","href":"https:\/\/api.w.org\/{rel}","templated":true}]}}