{"id":247,"date":"2016-09-14T22:57:42","date_gmt":"2016-09-14T21:57:42","guid":{"rendered":"http:\/\/sedirelyon.fr\/lesdiaconessesdurocher\/?page_id=247"},"modified":"2016-09-14T22:57:42","modified_gmt":"2016-09-14T21:57:42","slug":"papier-de-alain-remond","status":"publish","type":"page","link":"https:\/\/sedirelyon.fr\/lesdiaconessesdurocher\/papier-de-alain-remond\/","title":{"rendered":"papier de Alain Remond"},"content":{"rendered":"<p>&nbsp;<\/p>\n<p><strong>Halte au dumping sur l\u2019hostie\u2009!<\/strong><\/p>\n<p>Alain R\u00e9mond, le 14 septembre<\/p>\n<p>Alors que l\u2019annonce de la fermeture de l\u2019usine Alstom de Belfort relance la querelle du \u00ab\u00a0patriotisme \u00e9conomique\u00a0\u00bb, mon attention a \u00e9t\u00e9 attir\u00e9e par une lettre parue hier dans le courrier des lecteurs de <em>La Croix<\/em> tirant le signal d\u2019alarme sur un autre scandale\u2009: la mort programm\u00e9e de l\u2019hostie made in France. Il appara\u00eet en effet que les hosties fabriqu\u00e9es par des religieuses fran\u00e7aises dans des monast\u00e8res fran\u00e7ais subissent la rude concurrence des hosties produites industriellement en Pologne, qui inondent le march\u00e9 gr\u00e2ce \u00e0 des prix ultra-comp\u00e9titifs. R\u00e9sultat\u2009: la part de march\u00e9 de l\u2019hostie fran\u00e7aise d\u00e9cline inexorablement. D\u2019o\u00f9 le cri de col\u00e8re de ce lecteur\u2009: <em>\u00ab\u00a0Nos \u00e9v\u00eaques doivent exiger que tous les dioc\u00e8ses s\u2019approvisionnent dans les monast\u00e8res fran\u00e7ais. Et nous, dans nos paroisses, devons exiger de \u201ccommunier fran\u00e7ais\u201d\u2009!\u00a0\u00bb<\/em> Voyez, on n\u2019est pas tr\u00e8s loin d\u2019Alstom et de l\u2019exigence, pour sauver l\u2019usine de Belfort, de <em>\u00ab\u00a0rouler fran\u00e7ais\u00a0\u00bb<\/em>. Sachez, en tout cas, qu\u2019on trouve sur Internet le lot de mille hosties polonaises \u00e0 14\u00a0\u20ac, contre 17,94\u00a0\u20ac dans un monast\u00e8re fran\u00e7ais. En r\u00e9alit\u00e9, les hosties polonaises sont produites par une filiale du g\u00e9ant mondial du secteur, l\u2019am\u00e9ricain Cavanagh. On voit par l\u00e0 que la mondialisation est partout. J\u2019ignore si l\u2019\u00e9ventuel futur trait\u00e9 transatlantique de libre-\u00e9change aborde la question du dumping d\u00e9loyal sur l\u2019hostie am\u00e9ricano-polonaise. Une chose est s\u00fbre\u2009: la guerre de l\u2019hostie est d\u00e9clar\u00e9e\u2009!<\/p>\n<p>Alain R\u00e9mond<\/p>\n<p>&nbsp;<\/p>\n","protected":false},"excerpt":{"rendered":"<p>&nbsp; Halte au dumping sur l\u2019hostie\u2009! Alain R\u00e9mond, le 14 septembre Alors que l\u2019annonce de la fermeture de l\u2019usine Alstom de Belfort relance la querelle du \u00ab\u00a0patriotisme \u00e9conomique\u00a0\u00bb, mon attention a \u00e9t\u00e9 attir\u00e9e par une lettre parue hier dans le courrier des lecteurs de La Croix tirant le signal d\u2019alarme sur un autre scandale\u2009: la &hellip; <a href=\"https:\/\/sedirelyon.fr\/lesdiaconessesdurocher\/papier-de-alain-remond\/\" class=\"more-link\">Continuer la lecture<span class=\"screen-reader-text\"> de &laquo;&nbsp;papier de Alain Remond&nbsp;&raquo;<\/span><\/a><\/p>\n","protected":false},"author":1,"featured_media":0,"parent":0,"menu_order":0,"comment_status":"closed","ping_status":"closed","template":"","meta":{"jetpack_post_was_ever_published":false,"footnotes":""},"class_list":["post-247","page","type-page","status-publish","hentry"],"yoast_head":"<!-- This site is optimized with the Yoast SEO plugin v27.5 - https:\/\/yoast.com\/product\/yoast-seo-wordpress\/ -->\n<title>papier de Alain Remond - Les Diaconesses du Rocher<\/title>\n<meta name=\"robots\" content=\"index, follow, max-snippet:-1, max-image-preview:large, max-video-preview:-1\" \/>\n<link rel=\"canonical\" href=\"https:\/\/sedirelyon.fr\/lesdiaconessesdurocher\/papier-de-alain-remond\/\" \/>\n<meta property=\"og:locale\" content=\"fr_FR\" \/>\n<meta property=\"og:type\" content=\"article\" \/>\n<meta property=\"og:title\" content=\"papier de Alain Remond - Les Diaconesses du Rocher\" \/>\n<meta property=\"og:description\" content=\"&nbsp; Halte au dumping sur l\u2019hostie\u2009! Alain R\u00e9mond, le 14 septembre Alors que l\u2019annonce de la fermeture de l\u2019usine Alstom de Belfort relance la querelle du \u00ab\u00a0patriotisme \u00e9conomique\u00a0\u00bb, mon attention a \u00e9t\u00e9 attir\u00e9e par une lettre parue hier dans le courrier des lecteurs de La Croix tirant le signal d\u2019alarme sur un autre scandale\u2009: la &hellip; Continuer la lecture de &laquo;&nbsp;papier de Alain Remond&nbsp;&raquo;\" \/>\n<meta property=\"og:url\" content=\"https:\/\/sedirelyon.fr\/lesdiaconessesdurocher\/papier-de-alain-remond\/\" \/>\n<meta property=\"og:site_name\" content=\"Les Diaconesses du Rocher\" \/>\n<meta name=\"twitter:card\" content=\"summary_large_image\" \/>\n<meta name=\"twitter:label1\" content=\"Dur\u00e9e de lecture estim\u00e9e\" \/>\n\t<meta name=\"twitter:data1\" content=\"1 minute\" \/>\n<script type=\"application\/ld+json\" class=\"yoast-schema-graph\">{\"@context\":\"https:\\\/\\\/schema.org\",\"@graph\":[{\"@type\":\"WebPage\",\"@id\":\"https:\\\/\\\/sedirelyon.fr\\\/lesdiaconessesdurocher\\\/papier-de-alain-remond\\\/\",\"url\":\"https:\\\/\\\/sedirelyon.fr\\\/lesdiaconessesdurocher\\\/papier-de-alain-remond\\\/\",\"name\":\"papier de Alain Remond - Les Diaconesses du Rocher\",\"isPartOf\":{\"@id\":\"https:\\\/\\\/sedirelyon.fr\\\/lesdiaconessesdurocher\\\/#website\"},\"datePublished\":\"2016-09-14T21:57:42+00:00\",\"breadcrumb\":{\"@id\":\"https:\\\/\\\/sedirelyon.fr\\\/lesdiaconessesdurocher\\\/papier-de-alain-remond\\\/#breadcrumb\"},\"inLanguage\":\"fr-FR\",\"potentialAction\":[{\"@type\":\"ReadAction\",\"target\":[\"https:\\\/\\\/sedirelyon.fr\\\/lesdiaconessesdurocher\\\/papier-de-alain-remond\\\/\"]}]},{\"@type\":\"BreadcrumbList\",\"@id\":\"https:\\\/\\\/sedirelyon.fr\\\/lesdiaconessesdurocher\\\/papier-de-alain-remond\\\/#breadcrumb\",\"itemListElement\":[{\"@type\":\"ListItem\",\"position\":1,\"name\":\"Accueil\",\"item\":\"https:\\\/\\\/sedirelyon.fr\\\/lesdiaconessesdurocher\\\/\"},{\"@type\":\"ListItem\",\"position\":2,\"name\":\"papier de Alain Remond\"}]},{\"@type\":\"WebSite\",\"@id\":\"https:\\\/\\\/sedirelyon.fr\\\/lesdiaconessesdurocher\\\/#website\",\"url\":\"https:\\\/\\\/sedirelyon.fr\\\/lesdiaconessesdurocher\\\/\",\"name\":\"Les Diaconesses du Rocher\",\"description\":\"des femmes dans l&#039;Eglise\",\"potentialAction\":[{\"@type\":\"SearchAction\",\"target\":{\"@type\":\"EntryPoint\",\"urlTemplate\":\"https:\\\/\\\/sedirelyon.fr\\\/lesdiaconessesdurocher\\\/?s={search_term_string}\"},\"query-input\":{\"@type\":\"PropertyValueSpecification\",\"valueRequired\":true,\"valueName\":\"search_term_string\"}}],\"inLanguage\":\"fr-FR\"}]}<\/script>\n<!-- \/ Yoast SEO plugin. -->","yoast_head_json":{"title":"papier de Alain Remond - Les Diaconesses du Rocher","robots":{"index":"index","follow":"follow","max-snippet":"max-snippet:-1","max-image-preview":"max-image-preview:large","max-video-preview":"max-video-preview:-1"},"canonical":"https:\/\/sedirelyon.fr\/lesdiaconessesdurocher\/papier-de-alain-remond\/","og_locale":"fr_FR","og_type":"article","og_title":"papier de Alain Remond - Les Diaconesses du Rocher","og_description":"&nbsp; Halte au dumping sur l\u2019hostie\u2009! Alain R\u00e9mond, le 14 septembre Alors que l\u2019annonce de la fermeture de l\u2019usine Alstom de Belfort relance la querelle du \u00ab\u00a0patriotisme \u00e9conomique\u00a0\u00bb, mon attention a \u00e9t\u00e9 attir\u00e9e par une lettre parue hier dans le courrier des lecteurs de La Croix tirant le signal d\u2019alarme sur un autre scandale\u2009: la &hellip; Continuer la lecture de &laquo;&nbsp;papier de Alain Remond&nbsp;&raquo;","og_url":"https:\/\/sedirelyon.fr\/lesdiaconessesdurocher\/papier-de-alain-remond\/","og_site_name":"Les Diaconesses du Rocher","twitter_card":"summary_large_image","twitter_misc":{"Dur\u00e9e de lecture estim\u00e9e":"1 minute"},"schema":{"@context":"https:\/\/schema.org","@graph":[{"@type":"WebPage","@id":"https:\/\/sedirelyon.fr\/lesdiaconessesdurocher\/papier-de-alain-remond\/","url":"https:\/\/sedirelyon.fr\/lesdiaconessesdurocher\/papier-de-alain-remond\/","name":"papier de Alain Remond - Les Diaconesses du Rocher","isPartOf":{"@id":"https:\/\/sedirelyon.fr\/lesdiaconessesdurocher\/#website"},"datePublished":"2016-09-14T21:57:42+00:00","breadcrumb":{"@id":"https:\/\/sedirelyon.fr\/lesdiaconessesdurocher\/papier-de-alain-remond\/#breadcrumb"},"inLanguage":"fr-FR","potentialAction":[{"@type":"ReadAction","target":["https:\/\/sedirelyon.fr\/lesdiaconessesdurocher\/papier-de-alain-remond\/"]}]},{"@type":"BreadcrumbList","@id":"https:\/\/sedirelyon.fr\/lesdiaconessesdurocher\/papier-de-alain-remond\/#breadcrumb","itemListElement":[{"@type":"ListItem","position":1,"name":"Accueil","item":"https:\/\/sedirelyon.fr\/lesdiaconessesdurocher\/"},{"@type":"ListItem","position":2,"name":"papier de Alain Remond"}]},{"@type":"WebSite","@id":"https:\/\/sedirelyon.fr\/lesdiaconessesdurocher\/#website","url":"https:\/\/sedirelyon.fr\/lesdiaconessesdurocher\/","name":"Les Diaconesses du Rocher","description":"des femmes dans l&#039;Eglise","potentialAction":[{"@type":"SearchAction","target":{"@type":"EntryPoint","urlTemplate":"https:\/\/sedirelyon.fr\/lesdiaconessesdurocher\/?s={search_term_string}"},"query-input":{"@type":"PropertyValueSpecification","valueRequired":true,"valueName":"search_term_string"}}],"inLanguage":"fr-FR"}]}},"jetpack_sharing_enabled":true,"jetpack_shortlink":"https:\/\/wp.me\/P7xNTI-3Z","jetpack-related-posts":[],"_links":{"self":[{"href":"https:\/\/sedirelyon.fr\/lesdiaconessesdurocher\/wp-json\/wp\/v2\/pages\/247","targetHints":{"allow":["GET"]}}],"collection":[{"href":"https:\/\/sedirelyon.fr\/lesdiaconessesdurocher\/wp-json\/wp\/v2\/pages"}],"about":[{"href":"https:\/\/sedirelyon.fr\/lesdiaconessesdurocher\/wp-json\/wp\/v2\/types\/page"}],"author":[{"embeddable":true,"href":"https:\/\/sedirelyon.fr\/lesdiaconessesdurocher\/wp-json\/wp\/v2\/users\/1"}],"replies":[{"embeddable":true,"href":"https:\/\/sedirelyon.fr\/lesdiaconessesdurocher\/wp-json\/wp\/v2\/comments?post=247"}],"version-history":[{"count":1,"href":"https:\/\/sedirelyon.fr\/lesdiaconessesdurocher\/wp-json\/wp\/v2\/pages\/247\/revisions"}],"predecessor-version":[{"id":248,"href":"https:\/\/sedirelyon.fr\/lesdiaconessesdurocher\/wp-json\/wp\/v2\/pages\/247\/revisions\/248"}],"wp:attachment":[{"href":"https:\/\/sedirelyon.fr\/lesdiaconessesdurocher\/wp-json\/wp\/v2\/media?parent=247"}],"curies":[{"name":"wp","href":"https:\/\/api.w.org\/{rel}","templated":true}]}}