{"id":25,"date":"2016-02-15T18:23:06","date_gmt":"2016-02-15T17:23:06","guid":{"rendered":"http:\/\/sedirelyon.fr\/lesdiaconessesdurocher\/?page_id=25"},"modified":"2016-02-15T18:26:28","modified_gmt":"2016-02-15T17:26:28","slug":"dans-le-magistere","status":"publish","type":"page","link":"https:\/\/sedirelyon.fr\/lesdiaconessesdurocher\/dans-le-magistere\/","title":{"rendered":"Evangeli gaudium"},"content":{"rendered":"<p>Dans \u00ab\u00a0Egaudium\u00a0\u00bb on trouve<\/p>\n<ol start=\"103\">\n<li>L\u2019\u00c9glise reconna\u00eet l\u2019apport indispensable de la femme \u00e0 la soci\u00e9t\u00e9, par sa sensibilit\u00e9, son intuition et certaines capacit\u00e9s propres qui appartiennent habituellement plus aux femmes qu\u2019aux hommes. Par exemple, l\u2019attention f\u00e9minine particuli\u00e8re envers les autres, qui s\u2019exprime de fa\u00e7on sp\u00e9ciale, bien que non exclusive, dans la maternit\u00e9. Je vois avec joie combien de nombreuses femmes partagent des responsabilit\u00e9s pastorales avec les pr\u00eatres, apportent leur contribution \u00e0 l\u2019accompagnement des personnes, des familles ou des groupes et offrent de nouveaux apports \u00e0 la r\u00e9flexion th\u00e9ologique. Mais il faut encore \u00e9largir les espaces pour une pr\u00e9sence f\u00e9minine plus incisive dans l\u2019\u00c9glise. Parce que \u00ab le g\u00e9nie f\u00e9minin est n\u00e9cessaire dans toutes les expressions de la vie sociale ; par cons\u00e9quent, la pr\u00e9sence des femmes dans le secteur du travail aussi doit \u00eatre garantie \u00bb<a name=\"_ftnref72\"><\/a><a href=\"http:\/\/w2.vatican.va\/content\/francesco\/fr\/apost_exhortations\/documents\/papa-francesco_esortazione-ap_20131124_evangelii-gaudium.html#_ftn72\"><sup>[72]<\/sup><\/a> et dans les divers lieux o\u00f9 sont prises des d\u00e9cisions importantes, aussi bien dans l\u2019\u00c9glise que dans les structures sociales.<\/li>\n<\/ol>\n","protected":false},"excerpt":{"rendered":"<p>Dans \u00ab\u00a0Egaudium\u00a0\u00bb on trouve L\u2019\u00c9glise reconna\u00eet l\u2019apport indispensable de la femme \u00e0 la soci\u00e9t\u00e9, par sa sensibilit\u00e9, son intuition et certaines capacit\u00e9s propres qui appartiennent habituellement plus aux femmes qu\u2019aux hommes. Par exemple, l\u2019attention f\u00e9minine particuli\u00e8re envers les autres, qui s\u2019exprime de fa\u00e7on sp\u00e9ciale, bien que non exclusive, dans la maternit\u00e9. Je vois avec joie &hellip; <a href=\"https:\/\/sedirelyon.fr\/lesdiaconessesdurocher\/dans-le-magistere\/\" class=\"more-link\">Continuer la lecture<span class=\"screen-reader-text\"> de &laquo;&nbsp;Evangeli gaudium&nbsp;&raquo;<\/span><\/a><\/p>\n","protected":false},"author":1,"featured_media":0,"parent":0,"menu_order":0,"comment_status":"closed","ping_status":"closed","template":"","meta":{"jetpack_post_was_ever_published":false,"footnotes":""},"class_list":["post-25","page","type-page","status-publish","hentry"],"yoast_head":"<!-- This site is optimized with the Yoast SEO plugin v27.4 - https:\/\/yoast.com\/product\/yoast-seo-wordpress\/ -->\n<title>Evangeli gaudium - Les Diaconesses du Rocher<\/title>\n<meta name=\"robots\" content=\"index, follow, max-snippet:-1, max-image-preview:large, max-video-preview:-1\" \/>\n<link rel=\"canonical\" href=\"https:\/\/sedirelyon.fr\/lesdiaconessesdurocher\/dans-le-magistere\/\" \/>\n<meta property=\"og:locale\" content=\"fr_FR\" \/>\n<meta property=\"og:type\" content=\"article\" \/>\n<meta property=\"og:title\" content=\"Evangeli gaudium - Les Diaconesses du Rocher\" \/>\n<meta property=\"og:description\" content=\"Dans \u00ab\u00a0Egaudium\u00a0\u00bb on trouve L\u2019\u00c9glise reconna\u00eet l\u2019apport indispensable de la femme \u00e0 la soci\u00e9t\u00e9, par sa sensibilit\u00e9, son intuition et certaines capacit\u00e9s propres qui appartiennent habituellement plus aux femmes qu\u2019aux hommes. Par exemple, l\u2019attention f\u00e9minine particuli\u00e8re envers les autres, qui s\u2019exprime de fa\u00e7on sp\u00e9ciale, bien que non exclusive, dans la maternit\u00e9. Je vois avec joie &hellip; Continuer la lecture de &laquo;&nbsp;Evangeli gaudium&nbsp;&raquo;\" \/>\n<meta property=\"og:url\" content=\"https:\/\/sedirelyon.fr\/lesdiaconessesdurocher\/dans-le-magistere\/\" \/>\n<meta property=\"og:site_name\" content=\"Les Diaconesses du Rocher\" \/>\n<meta property=\"article:modified_time\" content=\"2016-02-15T17:26:28+00:00\" \/>\n<meta name=\"twitter:card\" content=\"summary_large_image\" \/>\n<meta name=\"twitter:label1\" content=\"Dur\u00e9e de lecture estim\u00e9e\" \/>\n\t<meta name=\"twitter:data1\" content=\"1 minute\" \/>\n<script type=\"application\/ld+json\" class=\"yoast-schema-graph\">{\"@context\":\"https:\\\/\\\/schema.org\",\"@graph\":[{\"@type\":\"WebPage\",\"@id\":\"https:\\\/\\\/sedirelyon.fr\\\/lesdiaconessesdurocher\\\/dans-le-magistere\\\/\",\"url\":\"https:\\\/\\\/sedirelyon.fr\\\/lesdiaconessesdurocher\\\/dans-le-magistere\\\/\",\"name\":\"Evangeli gaudium - Les Diaconesses du Rocher\",\"isPartOf\":{\"@id\":\"https:\\\/\\\/sedirelyon.fr\\\/lesdiaconessesdurocher\\\/#website\"},\"datePublished\":\"2016-02-15T17:23:06+00:00\",\"dateModified\":\"2016-02-15T17:26:28+00:00\",\"breadcrumb\":{\"@id\":\"https:\\\/\\\/sedirelyon.fr\\\/lesdiaconessesdurocher\\\/dans-le-magistere\\\/#breadcrumb\"},\"inLanguage\":\"fr-FR\",\"potentialAction\":[{\"@type\":\"ReadAction\",\"target\":[\"https:\\\/\\\/sedirelyon.fr\\\/lesdiaconessesdurocher\\\/dans-le-magistere\\\/\"]}]},{\"@type\":\"BreadcrumbList\",\"@id\":\"https:\\\/\\\/sedirelyon.fr\\\/lesdiaconessesdurocher\\\/dans-le-magistere\\\/#breadcrumb\",\"itemListElement\":[{\"@type\":\"ListItem\",\"position\":1,\"name\":\"Accueil\",\"item\":\"https:\\\/\\\/sedirelyon.fr\\\/lesdiaconessesdurocher\\\/\"},{\"@type\":\"ListItem\",\"position\":2,\"name\":\"Evangeli gaudium\"}]},{\"@type\":\"WebSite\",\"@id\":\"https:\\\/\\\/sedirelyon.fr\\\/lesdiaconessesdurocher\\\/#website\",\"url\":\"https:\\\/\\\/sedirelyon.fr\\\/lesdiaconessesdurocher\\\/\",\"name\":\"Les Diaconesses du Rocher\",\"description\":\"des femmes dans l&#039;Eglise\",\"potentialAction\":[{\"@type\":\"SearchAction\",\"target\":{\"@type\":\"EntryPoint\",\"urlTemplate\":\"https:\\\/\\\/sedirelyon.fr\\\/lesdiaconessesdurocher\\\/?s={search_term_string}\"},\"query-input\":{\"@type\":\"PropertyValueSpecification\",\"valueRequired\":true,\"valueName\":\"search_term_string\"}}],\"inLanguage\":\"fr-FR\"}]}<\/script>\n<!-- \/ Yoast SEO plugin. -->","yoast_head_json":{"title":"Evangeli gaudium - Les Diaconesses du Rocher","robots":{"index":"index","follow":"follow","max-snippet":"max-snippet:-1","max-image-preview":"max-image-preview:large","max-video-preview":"max-video-preview:-1"},"canonical":"https:\/\/sedirelyon.fr\/lesdiaconessesdurocher\/dans-le-magistere\/","og_locale":"fr_FR","og_type":"article","og_title":"Evangeli gaudium - Les Diaconesses du Rocher","og_description":"Dans \u00ab\u00a0Egaudium\u00a0\u00bb on trouve L\u2019\u00c9glise reconna\u00eet l\u2019apport indispensable de la femme \u00e0 la soci\u00e9t\u00e9, par sa sensibilit\u00e9, son intuition et certaines capacit\u00e9s propres qui appartiennent habituellement plus aux femmes qu\u2019aux hommes. Par exemple, l\u2019attention f\u00e9minine particuli\u00e8re envers les autres, qui s\u2019exprime de fa\u00e7on sp\u00e9ciale, bien que non exclusive, dans la maternit\u00e9. Je vois avec joie &hellip; Continuer la lecture de &laquo;&nbsp;Evangeli gaudium&nbsp;&raquo;","og_url":"https:\/\/sedirelyon.fr\/lesdiaconessesdurocher\/dans-le-magistere\/","og_site_name":"Les Diaconesses du Rocher","article_modified_time":"2016-02-15T17:26:28+00:00","twitter_card":"summary_large_image","twitter_misc":{"Dur\u00e9e de lecture estim\u00e9e":"1 minute"},"schema":{"@context":"https:\/\/schema.org","@graph":[{"@type":"WebPage","@id":"https:\/\/sedirelyon.fr\/lesdiaconessesdurocher\/dans-le-magistere\/","url":"https:\/\/sedirelyon.fr\/lesdiaconessesdurocher\/dans-le-magistere\/","name":"Evangeli gaudium - Les Diaconesses du Rocher","isPartOf":{"@id":"https:\/\/sedirelyon.fr\/lesdiaconessesdurocher\/#website"},"datePublished":"2016-02-15T17:23:06+00:00","dateModified":"2016-02-15T17:26:28+00:00","breadcrumb":{"@id":"https:\/\/sedirelyon.fr\/lesdiaconessesdurocher\/dans-le-magistere\/#breadcrumb"},"inLanguage":"fr-FR","potentialAction":[{"@type":"ReadAction","target":["https:\/\/sedirelyon.fr\/lesdiaconessesdurocher\/dans-le-magistere\/"]}]},{"@type":"BreadcrumbList","@id":"https:\/\/sedirelyon.fr\/lesdiaconessesdurocher\/dans-le-magistere\/#breadcrumb","itemListElement":[{"@type":"ListItem","position":1,"name":"Accueil","item":"https:\/\/sedirelyon.fr\/lesdiaconessesdurocher\/"},{"@type":"ListItem","position":2,"name":"Evangeli gaudium"}]},{"@type":"WebSite","@id":"https:\/\/sedirelyon.fr\/lesdiaconessesdurocher\/#website","url":"https:\/\/sedirelyon.fr\/lesdiaconessesdurocher\/","name":"Les Diaconesses du Rocher","description":"des femmes dans l&#039;Eglise","potentialAction":[{"@type":"SearchAction","target":{"@type":"EntryPoint","urlTemplate":"https:\/\/sedirelyon.fr\/lesdiaconessesdurocher\/?s={search_term_string}"},"query-input":{"@type":"PropertyValueSpecification","valueRequired":true,"valueName":"search_term_string"}}],"inLanguage":"fr-FR"}]}},"jetpack_sharing_enabled":true,"jetpack_shortlink":"https:\/\/wp.me\/P7xNTI-p","jetpack-related-posts":[],"_links":{"self":[{"href":"https:\/\/sedirelyon.fr\/lesdiaconessesdurocher\/wp-json\/wp\/v2\/pages\/25","targetHints":{"allow":["GET"]}}],"collection":[{"href":"https:\/\/sedirelyon.fr\/lesdiaconessesdurocher\/wp-json\/wp\/v2\/pages"}],"about":[{"href":"https:\/\/sedirelyon.fr\/lesdiaconessesdurocher\/wp-json\/wp\/v2\/types\/page"}],"author":[{"embeddable":true,"href":"https:\/\/sedirelyon.fr\/lesdiaconessesdurocher\/wp-json\/wp\/v2\/users\/1"}],"replies":[{"embeddable":true,"href":"https:\/\/sedirelyon.fr\/lesdiaconessesdurocher\/wp-json\/wp\/v2\/comments?post=25"}],"version-history":[{"count":2,"href":"https:\/\/sedirelyon.fr\/lesdiaconessesdurocher\/wp-json\/wp\/v2\/pages\/25\/revisions"}],"predecessor-version":[{"id":27,"href":"https:\/\/sedirelyon.fr\/lesdiaconessesdurocher\/wp-json\/wp\/v2\/pages\/25\/revisions\/27"}],"wp:attachment":[{"href":"https:\/\/sedirelyon.fr\/lesdiaconessesdurocher\/wp-json\/wp\/v2\/media?parent=25"}],"curies":[{"name":"wp","href":"https:\/\/api.w.org\/{rel}","templated":true}]}}