{"id":28,"date":"2016-02-15T18:33:27","date_gmt":"2016-02-15T17:33:27","guid":{"rendered":"http:\/\/sedirelyon.fr\/lesdiaconessesdurocher\/?page_id=28"},"modified":"2016-02-15T19:35:19","modified_gmt":"2016-02-15T18:35:19","slug":"joseph-moingt","status":"publish","type":"page","link":"https:\/\/sedirelyon.fr\/lesdiaconessesdurocher\/ecrits-sur-les-femmes\/joseph-moingt\/","title":{"rendered":"Joseph Moingt"},"content":{"rendered":"<h2 style=\"text-align: center;\">La femme est et sera l\u2019avenir de l\u2019Eglise.<\/h2>\n<p>\u00ab Les femmes et l\u2019avenir de l\u2019Eglise \u00bb\u00a0\u00a0\u00a0\u00a0\u00a0\u00a0\u00a0\u00a0\u00a0\u00a0\u00a0\u00a0\u00a0\u00a0\u00a0 Joseph Moingt (Etudes Janvier 2011)<\/p>\n<p>&nbsp;<\/p>\n<p>Est-ce que le d\u00e9clin de l\u2019Eglise au cours de la deuxi\u00e8me partie du XX\u00e8me si\u00e8cle serait li\u00e9 \u00e0<\/p>\n<p>l\u2019\u00e9mancipation de la femme et son accession \u00e0 des responsabilit\u00e9s professionnelles, familiales,<\/p>\n<p>sociales ou politique ?<\/p>\n<p>L\u2019Eglise honore des femmes, en reconnait docteurs de l\u2019Eglise, plusieurs sont autour de J\u00e9sus,<\/p>\n<p>mais elle reste encore profond\u00e9ment marqu\u00e9e par la condition des soci\u00e9t\u00e9s patriarcales et<\/p>\n<p>traditionnelles qui pr\u00e9valaient \u00e0 l\u2019\u00e9poque bibliques. Les positions sur la sexualit\u00e9 ou la<\/p>\n<p>contraception heurtent aujourd\u2019hui une partie des femmes qui ne retrouvent plus dans l\u2019Eglise<\/p>\n<p>un lieu d\u2019\u00e9panouissement et de confiance et pour certaines s\u2019\u00e9cartent de l\u2019Eglise.<\/p>\n<p>Or les femmes ont jou\u00e9 un r\u00f4le important dans la transmission de la foi via l\u2019\u00e9ducation des<\/p>\n<p>enfants de m\u00eame que dans la vie de l\u2019Eglise, en assurant le cat\u00e9chisme, le service aupr\u00e8s des<\/p>\n<p>plus faibles et des pauvres. Elles \u00e9taient, il y a encore peu de temps de loin les plus<\/p>\n<p>nombreuses parmi les fid\u00e8les et les auxiliaires du clerg\u00e9. Vatican II avait reconnu ce r\u00f4le<\/p>\n<p>important des femmes religieuses ou la\u00efques dans la vie de l\u2019Eglise et avait ouvert \u00e0 plus de<\/p>\n<p>reconnaissance et de responsabilit\u00e9s, mais les ann\u00e9es 80 ont marqu\u00e9 un pas puis revirement.<\/p>\n<p>Les femmes, dont on r\u00e9clame de plus en plus la participation et la disponibilit\u00e9 ne peuvent<\/p>\n<p>\u00eatre qu\u2019\u00e0 l\u2019ombre sous l\u2019autorit\u00e9 sacerdotale. Malgr\u00e9 le besoin croissant d\u2019implication des<\/p>\n<p>la\u00efcs face \u00e0 la tragique diminution des vocations, les femmes sont m\u00e9thodiquement et<\/p>\n<p>volontairement \u00e9loign\u00e9es de l\u2019autel et des sacrements. Cette attitude s\u2019explique en grande<\/p>\n<p>partie par la crainte de la hi\u00e9rarchie eccl\u00e9siale de faire naitre ou d\u2019encourager chez elles le<\/p>\n<p>d\u00e9sir du sacerdoce. Or ce d\u00e9bat qui agite r\u00e9guli\u00e8rement l\u2019Eglise n\u2019est pas clos et la peur de le<\/p>\n<p>voir rena\u00eetre peut conduire les responsables religieux \u00e0 une certaines discrimination. Mais les<\/p>\n<p>femmes n\u2019ambitionnent pas toutes le presbyt\u00e9rat ou le pouvoir, elles ambitionnent<\/p>\n<p>l\u00e9gitimement une reconnaissance dans le cercle religieux qui soit en phase avec celle qu\u2019elles<\/p>\n<p>ont dans la soci\u00e9t\u00e9.<\/p>\n<p>Ne pas r\u00e9pondre \u00e0 cette attente, est un peu \u00ab suicidaire \u00bb pour l\u2019Eglise qui se prive d\u2019un<\/p>\n<p>moteur dans l\u2019\u00e9vang\u00e9lisation du monde. Mais l\u2019Eglise se r\u00e9fugie derri\u00e8re les lois naturelles et<\/p>\n<p>divines pour expliquer ses positions qui lient la sexualit\u00e9 au mariage et la procr\u00e9ation ou qui<\/p>\n<p>l\u2019emp\u00eache de laisser une place aux femmes dans les instances dirigeantes. Mais ces sujets sont<\/p>\n<p>plus li\u00e9s \u00e0 la soci\u00e9t\u00e9 et aux m\u0153urs qu\u2019au sacr\u00e9. L\u2019Eglise ne doit pas se r\u00e9fugier derri\u00e8re le<\/p>\n<p>paravent de l\u2019histoire et du dogme pour justifier son immobilisme. Elle doit faire preuve de<\/p>\n<p>plus de modestie et mieux distinguer ce qui rel\u00e8ve du sacr\u00e9 fondamental, de ce qui rel\u00e8ve de<\/p>\n<p>l\u2019\u00e9volution des m\u0153urs. D\u2019ailleurs, elle montre parfois, en certains lieux qu\u2019elle a la capacit\u00e9<\/p>\n<p>de comprendre une r\u00e9alit\u00e9 sociale qui \u00e9volue et de s\u2019y ouvrir avec bont\u00e9. L\u2019Eglise doit donc<\/p>\n<p>s\u2019ouvrir \u00e0 l\u2019esprit du monde qu\u2019elle ne plus enseigner de loin en donneuse de le\u00e7on.<\/p>\n<p>Reconnaitre le r\u00f4le des femmes en son sein sera aussi une mani\u00e8re de renouer avec une r\u00e9alit\u00e9<\/p>\n<p>s\u00e9culi\u00e8re dont elle s\u2019\u00e9loigne chaque jour un peu plus perdant toute prise pour ce qui est sa<\/p>\n<p>mission premi\u00e8re d\u2019\u00e9vang\u00e9lisation.<\/p>\n<p>Des paroles et du chemin du Christ, il est difficile de tirer de mani\u00e8re d\u00e9finitive quel est le<\/p>\n<p>r\u00f4le qu\u2019il voyait, souhaitait ou envisageait pour les femmes. Mais il est certain qu\u2019il \u00e9tait<\/p>\n<p>entour\u00e9 de femmes, qu\u2019il croyait en elles et leur a confi\u00e9 comme \u00e0 ses ap\u00f4tres un peu de lui-<\/p>\n<p>m\u00eame. Et Paul de nous dire qu\u2019il n\u2019y a plus \u00ab ni masculin et f\u00e9minin, car \u00e0 vous tous vous \u00eates<\/p>\n<p>un seul en Christ J\u00e9sus \u00bb. Un principe \u00e0 ne pas oublier, qui ne peut que conduire dans l\u2019Eglise<\/p>\n<p>comme dans la soci\u00e9t\u00e9 \u00e0 une lib\u00e9ration de la femme par rapport aux mod\u00e8les traditionnels et<\/p>\n<p>une plus grande reconnaissance de sa contribution. C\u2019est pour l\u2019Eglise le seul chemin pour<\/p>\n<p>rester tol\u00e9rante et ouverte au monde.<\/p>\n<h2 style=\"text-align: center;\">La femme est et sera l\u2019avenir de l\u2019Eglise.<\/h2>\n<p>&nbsp;<\/p>\n","protected":false},"excerpt":{"rendered":"<p>La femme est et sera l\u2019avenir de l\u2019Eglise. \u00ab Les femmes et l\u2019avenir de l\u2019Eglise \u00bb\u00a0\u00a0\u00a0\u00a0\u00a0\u00a0\u00a0\u00a0\u00a0\u00a0\u00a0\u00a0\u00a0\u00a0\u00a0 Joseph Moingt (Etudes Janvier 2011) &nbsp; Est-ce que le d\u00e9clin de l\u2019Eglise au cours de la deuxi\u00e8me partie du XX\u00e8me si\u00e8cle serait li\u00e9 \u00e0 l\u2019\u00e9mancipation de la femme et son accession \u00e0 des responsabilit\u00e9s professionnelles, familiales, sociales ou politique &hellip; <a href=\"https:\/\/sedirelyon.fr\/lesdiaconessesdurocher\/ecrits-sur-les-femmes\/joseph-moingt\/\" class=\"more-link\">Continuer la lecture<span class=\"screen-reader-text\"> de &laquo;&nbsp;Joseph Moingt&nbsp;&raquo;<\/span><\/a><\/p>\n","protected":false},"author":1,"featured_media":0,"parent":15,"menu_order":0,"comment_status":"closed","ping_status":"closed","template":"","meta":{"jetpack_post_was_ever_published":false,"footnotes":""},"class_list":["post-28","page","type-page","status-publish","hentry"],"yoast_head":"<!-- This site is optimized with the Yoast SEO plugin v27.5 - https:\/\/yoast.com\/product\/yoast-seo-wordpress\/ -->\n<title>Joseph Moingt - Les Diaconesses du Rocher<\/title>\n<meta name=\"robots\" content=\"index, follow, max-snippet:-1, max-image-preview:large, max-video-preview:-1\" \/>\n<link rel=\"canonical\" href=\"https:\/\/sedirelyon.fr\/lesdiaconessesdurocher\/ecrits-sur-les-femmes\/joseph-moingt\/\" \/>\n<meta property=\"og:locale\" content=\"fr_FR\" \/>\n<meta property=\"og:type\" content=\"article\" \/>\n<meta property=\"og:title\" content=\"Joseph Moingt - Les Diaconesses du Rocher\" \/>\n<meta property=\"og:description\" content=\"La femme est et sera l\u2019avenir de l\u2019Eglise. \u00ab Les femmes et l\u2019avenir de l\u2019Eglise \u00bb\u00a0\u00a0\u00a0\u00a0\u00a0\u00a0\u00a0\u00a0\u00a0\u00a0\u00a0\u00a0\u00a0\u00a0\u00a0 Joseph Moingt (Etudes Janvier 2011) &nbsp; Est-ce que le d\u00e9clin de l\u2019Eglise au cours de la deuxi\u00e8me partie du XX\u00e8me si\u00e8cle serait li\u00e9 \u00e0 l\u2019\u00e9mancipation de la femme et son accession \u00e0 des responsabilit\u00e9s professionnelles, familiales, sociales ou politique &hellip; Continuer la lecture de &laquo;&nbsp;Joseph Moingt&nbsp;&raquo;\" \/>\n<meta property=\"og:url\" content=\"https:\/\/sedirelyon.fr\/lesdiaconessesdurocher\/ecrits-sur-les-femmes\/joseph-moingt\/\" \/>\n<meta property=\"og:site_name\" content=\"Les Diaconesses du Rocher\" \/>\n<meta property=\"article:modified_time\" content=\"2016-02-15T18:35:19+00:00\" \/>\n<meta name=\"twitter:card\" content=\"summary_large_image\" \/>\n<meta name=\"twitter:label1\" content=\"Dur\u00e9e de lecture estim\u00e9e\" \/>\n\t<meta name=\"twitter:data1\" content=\"4 minutes\" \/>\n<script type=\"application\/ld+json\" class=\"yoast-schema-graph\">{\"@context\":\"https:\\\/\\\/schema.org\",\"@graph\":[{\"@type\":\"WebPage\",\"@id\":\"https:\\\/\\\/sedirelyon.fr\\\/lesdiaconessesdurocher\\\/ecrits-sur-les-femmes\\\/joseph-moingt\\\/\",\"url\":\"https:\\\/\\\/sedirelyon.fr\\\/lesdiaconessesdurocher\\\/ecrits-sur-les-femmes\\\/joseph-moingt\\\/\",\"name\":\"Joseph Moingt - Les Diaconesses du Rocher\",\"isPartOf\":{\"@id\":\"https:\\\/\\\/sedirelyon.fr\\\/lesdiaconessesdurocher\\\/#website\"},\"datePublished\":\"2016-02-15T17:33:27+00:00\",\"dateModified\":\"2016-02-15T18:35:19+00:00\",\"breadcrumb\":{\"@id\":\"https:\\\/\\\/sedirelyon.fr\\\/lesdiaconessesdurocher\\\/ecrits-sur-les-femmes\\\/joseph-moingt\\\/#breadcrumb\"},\"inLanguage\":\"fr-FR\",\"potentialAction\":[{\"@type\":\"ReadAction\",\"target\":[\"https:\\\/\\\/sedirelyon.fr\\\/lesdiaconessesdurocher\\\/ecrits-sur-les-femmes\\\/joseph-moingt\\\/\"]}]},{\"@type\":\"BreadcrumbList\",\"@id\":\"https:\\\/\\\/sedirelyon.fr\\\/lesdiaconessesdurocher\\\/ecrits-sur-les-femmes\\\/joseph-moingt\\\/#breadcrumb\",\"itemListElement\":[{\"@type\":\"ListItem\",\"position\":1,\"name\":\"Accueil\",\"item\":\"https:\\\/\\\/sedirelyon.fr\\\/lesdiaconessesdurocher\\\/\"},{\"@type\":\"ListItem\",\"position\":2,\"name\":\"Ecrits sur les femmes\",\"item\":\"https:\\\/\\\/sedirelyon.fr\\\/lesdiaconessesdurocher\\\/ecrits-sur-les-femmes\\\/\"},{\"@type\":\"ListItem\",\"position\":3,\"name\":\"Joseph Moingt\"}]},{\"@type\":\"WebSite\",\"@id\":\"https:\\\/\\\/sedirelyon.fr\\\/lesdiaconessesdurocher\\\/#website\",\"url\":\"https:\\\/\\\/sedirelyon.fr\\\/lesdiaconessesdurocher\\\/\",\"name\":\"Les Diaconesses du Rocher\",\"description\":\"des femmes dans l&#039;Eglise\",\"potentialAction\":[{\"@type\":\"SearchAction\",\"target\":{\"@type\":\"EntryPoint\",\"urlTemplate\":\"https:\\\/\\\/sedirelyon.fr\\\/lesdiaconessesdurocher\\\/?s={search_term_string}\"},\"query-input\":{\"@type\":\"PropertyValueSpecification\",\"valueRequired\":true,\"valueName\":\"search_term_string\"}}],\"inLanguage\":\"fr-FR\"}]}<\/script>\n<!-- \/ Yoast SEO plugin. -->","yoast_head_json":{"title":"Joseph Moingt - Les Diaconesses du Rocher","robots":{"index":"index","follow":"follow","max-snippet":"max-snippet:-1","max-image-preview":"max-image-preview:large","max-video-preview":"max-video-preview:-1"},"canonical":"https:\/\/sedirelyon.fr\/lesdiaconessesdurocher\/ecrits-sur-les-femmes\/joseph-moingt\/","og_locale":"fr_FR","og_type":"article","og_title":"Joseph Moingt - Les Diaconesses du Rocher","og_description":"La femme est et sera l\u2019avenir de l\u2019Eglise. \u00ab Les femmes et l\u2019avenir de l\u2019Eglise \u00bb\u00a0\u00a0\u00a0\u00a0\u00a0\u00a0\u00a0\u00a0\u00a0\u00a0\u00a0\u00a0\u00a0\u00a0\u00a0 Joseph Moingt (Etudes Janvier 2011) &nbsp; Est-ce que le d\u00e9clin de l\u2019Eglise au cours de la deuxi\u00e8me partie du XX\u00e8me si\u00e8cle serait li\u00e9 \u00e0 l\u2019\u00e9mancipation de la femme et son accession \u00e0 des responsabilit\u00e9s professionnelles, familiales, sociales ou politique &hellip; Continuer la lecture de &laquo;&nbsp;Joseph Moingt&nbsp;&raquo;","og_url":"https:\/\/sedirelyon.fr\/lesdiaconessesdurocher\/ecrits-sur-les-femmes\/joseph-moingt\/","og_site_name":"Les Diaconesses du Rocher","article_modified_time":"2016-02-15T18:35:19+00:00","twitter_card":"summary_large_image","twitter_misc":{"Dur\u00e9e de lecture estim\u00e9e":"4 minutes"},"schema":{"@context":"https:\/\/schema.org","@graph":[{"@type":"WebPage","@id":"https:\/\/sedirelyon.fr\/lesdiaconessesdurocher\/ecrits-sur-les-femmes\/joseph-moingt\/","url":"https:\/\/sedirelyon.fr\/lesdiaconessesdurocher\/ecrits-sur-les-femmes\/joseph-moingt\/","name":"Joseph Moingt - Les Diaconesses du Rocher","isPartOf":{"@id":"https:\/\/sedirelyon.fr\/lesdiaconessesdurocher\/#website"},"datePublished":"2016-02-15T17:33:27+00:00","dateModified":"2016-02-15T18:35:19+00:00","breadcrumb":{"@id":"https:\/\/sedirelyon.fr\/lesdiaconessesdurocher\/ecrits-sur-les-femmes\/joseph-moingt\/#breadcrumb"},"inLanguage":"fr-FR","potentialAction":[{"@type":"ReadAction","target":["https:\/\/sedirelyon.fr\/lesdiaconessesdurocher\/ecrits-sur-les-femmes\/joseph-moingt\/"]}]},{"@type":"BreadcrumbList","@id":"https:\/\/sedirelyon.fr\/lesdiaconessesdurocher\/ecrits-sur-les-femmes\/joseph-moingt\/#breadcrumb","itemListElement":[{"@type":"ListItem","position":1,"name":"Accueil","item":"https:\/\/sedirelyon.fr\/lesdiaconessesdurocher\/"},{"@type":"ListItem","position":2,"name":"Ecrits sur les femmes","item":"https:\/\/sedirelyon.fr\/lesdiaconessesdurocher\/ecrits-sur-les-femmes\/"},{"@type":"ListItem","position":3,"name":"Joseph Moingt"}]},{"@type":"WebSite","@id":"https:\/\/sedirelyon.fr\/lesdiaconessesdurocher\/#website","url":"https:\/\/sedirelyon.fr\/lesdiaconessesdurocher\/","name":"Les Diaconesses du Rocher","description":"des femmes dans l&#039;Eglise","potentialAction":[{"@type":"SearchAction","target":{"@type":"EntryPoint","urlTemplate":"https:\/\/sedirelyon.fr\/lesdiaconessesdurocher\/?s={search_term_string}"},"query-input":{"@type":"PropertyValueSpecification","valueRequired":true,"valueName":"search_term_string"}}],"inLanguage":"fr-FR"}]}},"jetpack_sharing_enabled":true,"jetpack_shortlink":"https:\/\/wp.me\/P7xNTI-s","jetpack-related-posts":[],"_links":{"self":[{"href":"https:\/\/sedirelyon.fr\/lesdiaconessesdurocher\/wp-json\/wp\/v2\/pages\/28","targetHints":{"allow":["GET"]}}],"collection":[{"href":"https:\/\/sedirelyon.fr\/lesdiaconessesdurocher\/wp-json\/wp\/v2\/pages"}],"about":[{"href":"https:\/\/sedirelyon.fr\/lesdiaconessesdurocher\/wp-json\/wp\/v2\/types\/page"}],"author":[{"embeddable":true,"href":"https:\/\/sedirelyon.fr\/lesdiaconessesdurocher\/wp-json\/wp\/v2\/users\/1"}],"replies":[{"embeddable":true,"href":"https:\/\/sedirelyon.fr\/lesdiaconessesdurocher\/wp-json\/wp\/v2\/comments?post=28"}],"version-history":[{"count":1,"href":"https:\/\/sedirelyon.fr\/lesdiaconessesdurocher\/wp-json\/wp\/v2\/pages\/28\/revisions"}],"predecessor-version":[{"id":32,"href":"https:\/\/sedirelyon.fr\/lesdiaconessesdurocher\/wp-json\/wp\/v2\/pages\/28\/revisions\/32"}],"up":[{"embeddable":true,"href":"https:\/\/sedirelyon.fr\/lesdiaconessesdurocher\/wp-json\/wp\/v2\/pages\/15"}],"wp:attachment":[{"href":"https:\/\/sedirelyon.fr\/lesdiaconessesdurocher\/wp-json\/wp\/v2\/media?parent=28"}],"curies":[{"name":"wp","href":"https:\/\/api.w.org\/{rel}","templated":true}]}}